CRAN Package Check Results for Package MRTAnalysis

Last updated on 2025-07-13 06:48:30 CEST.

Flavor Version Tinstall Tcheck Ttotal Status Flags
r-devel-linux-x86_64-debian-clang 0.1.2 6.02 91.76 97.78 NOTE
r-devel-linux-x86_64-debian-gcc 0.1.2 4.15 67.10 71.25 NOTE
r-devel-linux-x86_64-fedora-clang 0.1.2 152.58 NOTE
r-devel-linux-x86_64-fedora-gcc 0.1.2 166.68 NOTE
r-devel-windows-x86_64 0.1.2 8.00 101.00 109.00 NOTE
r-patched-linux-x86_64 0.1.2 6.46 94.82 101.28 NOTE
r-release-linux-x86_64 0.1.2 6.10 93.85 99.95 NOTE
r-release-macos-arm64 0.1.2 55.00 NOTE
r-release-macos-x86_64 0.1.2 124.00 NOTE
r-release-windows-x86_64 0.1.2 8.00 101.00 109.00 NOTE
r-oldrel-macos-arm64 0.1.2 63.00 NOTE
r-oldrel-macos-x86_64 0.1.2 85.00 NOTE
r-oldrel-windows-x86_64 0.1.2 10.00 134.00 144.00 NOTE

Check Details

Version: 0.1.2
Check: Rd files
Result: NOTE checkRd: (-1) data_binary.Rd:10: Lost braces; missing escapes or markup? 10 | log E(Y_{t+1} | A_t = 0, I_t = 1) = alpha_0 + alpha_1 * time / total_T | ^ Flavors: r-devel-linux-x86_64-debian-clang, r-devel-linux-x86_64-debian-gcc, r-devel-linux-x86_64-fedora-clang, r-devel-linux-x86_64-fedora-gcc, r-devel-windows-x86_64, r-patched-linux-x86_64, r-release-linux-x86_64, r-release-macos-arm64, r-release-macos-x86_64, r-release-windows-x86_64, r-oldrel-macos-arm64, r-oldrel-macos-x86_64, r-oldrel-windows-x86_64

mirror server hosted at Truenetwork, Russian Federation.