Last updated on 2025-02-21 17:50:48 CET.
Flavor | Version | Tinstall | Tcheck | Ttotal | Status | Flags |
---|---|---|---|---|---|---|
r-devel-linux-x86_64-debian-clang | 1.1.0 | 37.26 | 58.91 | 96.17 | OK | |
r-devel-linux-x86_64-debian-gcc | 1.1.0 | 30.36 | 43.89 | 74.25 | OK | |
r-devel-linux-x86_64-fedora-clang | 1.1.0 | 177.70 | NOTE | |||
r-devel-linux-x86_64-fedora-gcc | 1.1.0 | 166.48 | NOTE | |||
r-devel-macos-arm64 | 1.1.0 | 47.00 | OK | |||
r-devel-macos-x86_64 | 1.1.0 | 88.00 | OK | |||
r-devel-windows-x86_64 | 1.1.0 | 41.00 | 87.00 | 128.00 | OK | |
r-patched-linux-x86_64 | 1.1.0 | 42.70 | 55.63 | 98.33 | OK | |
r-release-linux-x86_64 | 1.1.0 | 41.71 | 56.25 | 97.96 | OK | |
r-release-macos-arm64 | 1.1.0 | 45.00 | OK | |||
r-release-macos-x86_64 | 1.1.0 | 64.00 | OK | |||
r-release-windows-x86_64 | 1.1.0 | 41.00 | 89.00 | 130.00 | OK | |
r-oldrel-macos-arm64 | 1.1.0 | 48.00 | OK | |||
r-oldrel-macos-x86_64 | 1.1.0 | 91.00 | OK | |||
r-oldrel-windows-x86_64 | 1.1.0 | 51.00 | 109.00 | 160.00 | OK |
Version: 1.1.0
Check: dependencies in R code
Result: NOTE
Namespace in Imports field not imported from: ‘GFM’
All declared Imports should be used.
Flavors: r-devel-linux-x86_64-fedora-clang, r-devel-linux-x86_64-fedora-gcc