Last updated on 2025-11-04 11:52:35 CET.
| Flavor | Version | Tinstall | Tcheck | Ttotal | Status | Flags | 
|---|---|---|---|---|---|---|
| r-devel-linux-x86_64-debian-clang | 0.1.0 | 1.84 | 21.10 | 22.94 | NOTE | |
| r-devel-linux-x86_64-debian-gcc | 0.1.0 | 1.44 | 16.99 | 18.43 | NOTE | |
| r-devel-linux-x86_64-fedora-clang | 0.1.0 | 13.00 | 23.01 | 36.01 | OK | |
| r-devel-linux-x86_64-fedora-gcc | 0.1.0 | 32.33 | OK | |||
| r-devel-windows-x86_64 | 0.1.0 | 3.00 | 41.00 | 44.00 | OK | |
| r-patched-linux-x86_64 | 0.1.0 | 2.19 | 19.90 | 22.09 | OK | |
| r-release-linux-x86_64 | 0.1.0 | 1.81 | 19.88 | 21.69 | OK | |
| r-release-macos-arm64 | 0.1.0 | 2.00 | 15.00 | 17.00 | OK | |
| r-release-macos-x86_64 | 0.1.0 | 2.00 | 22.00 | 24.00 | OK | |
| r-release-windows-x86_64 | 0.1.0 | 3.00 | 39.00 | 42.00 | OK | |
| r-oldrel-macos-arm64 | 0.1.0 | 1.00 | 13.00 | 14.00 | NOTE | |
| r-oldrel-macos-x86_64 | 0.1.0 | 2.00 | 23.00 | 25.00 | NOTE | |
| r-oldrel-windows-x86_64 | 0.1.0 | 5.00 | 46.00 | 51.00 | NOTE | 
Version: 0.1.0
Check: CRAN incoming feasibility
Result: NOTE
  Maintainer: ‘Yalin Zhu <yalin.zhu@outlook.com>’
  
  No Authors@R field in DESCRIPTION.
  Please add one, modifying
    Authors@R: c(person(given = "Yalin",
                        family = "Zhu",
                        role = c("aut", "cre"),
                        email = "yalin.zhu@outlook.com"),
                 person(given = "Wenge",
                        family = "Guo",
                        role = "aut"))
  as necessary.
Flavors: r-devel-linux-x86_64-debian-clang, r-devel-linux-x86_64-debian-gcc
Version: 0.1.0
Check: package dependencies
Result: NOTE
  Package suggested but not available for checking: ‘structSSI’
Flavors: r-oldrel-macos-arm64, r-oldrel-macos-x86_64
Version: 0.1.0
Check: LazyData
Result: NOTE
    'LazyData' is specified without a 'data' directory
Flavors: r-oldrel-macos-arm64, r-oldrel-macos-x86_64, r-oldrel-windows-x86_64