Last updated on 2025-11-03 17:49:54 CET.
| Flavor | Version | Tinstall | Tcheck | Ttotal | Status | Flags |
|---|---|---|---|---|---|---|
| r-devel-linux-x86_64-debian-clang | 0.6.0 | 159.27 | 131.95 | 291.22 | OK | |
| r-devel-linux-x86_64-debian-gcc | 0.6.0 | 93.93 | 91.98 | 185.91 | OK | |
| r-devel-linux-x86_64-fedora-clang | 0.6.0 | 357.00 | 252.53 | 609.53 | NOTE | |
| r-devel-linux-x86_64-fedora-gcc | 0.6.0 | 208.00 | 261.77 | 469.77 | NOTE | |
| r-devel-windows-x86_64 | 0.6.0 | 185.00 | 176.00 | 361.00 | OK | |
| r-patched-linux-x86_64 | 0.6.0 | 143.26 | 123.28 | 266.54 | OK | |
| r-release-linux-x86_64 | 0.6.0 | 143.67 | 125.03 | 268.70 | OK | |
| r-release-macos-arm64 | 0.6.0 | 52.00 | 50.00 | 102.00 | OK | |
| r-release-macos-x86_64 | 0.6.0 | 53.00 | 89.00 | 142.00 | OK | |
| r-release-windows-x86_64 | 0.6.0 | 176.00 | 174.00 | 350.00 | OK | |
| r-oldrel-macos-arm64 | 0.6.0 | 49.00 | 56.00 | 105.00 | NOTE | |
| r-oldrel-macos-x86_64 | 0.6.0 | 51.00 | 105.00 | 156.00 | NOTE | |
| r-oldrel-windows-x86_64 | 0.6.0 | 219.00 | 222.00 | 441.00 | OK |
Version: 0.6.0
Check: dependencies in R code
Result: NOTE
Namespace in Imports field not imported from: ‘Rcpp’
All declared Imports should be used.
Flavors: r-devel-linux-x86_64-fedora-clang, r-devel-linux-x86_64-fedora-gcc
Version: 0.6.0
Check: installed package size
Result: NOTE
installed size is 9.0Mb
sub-directories of 1Mb or more:
data 2.7Mb
libs 5.9Mb
Flavors: r-oldrel-macos-arm64, r-oldrel-macos-x86_64