Last updated on 2025-11-03 23:50:23 CET.
| Flavor | Version | Tinstall | Tcheck | Ttotal | Status | Flags | 
|---|---|---|---|---|---|---|
| r-devel-linux-x86_64-debian-clang | 0.1.3 | 2.93 | 27.18 | 30.11 | NOTE | |
| r-devel-linux-x86_64-debian-gcc | 0.1.3 | 1.96 | 22.45 | 24.41 | NOTE | |
| r-devel-linux-x86_64-fedora-clang | 0.1.3 | 12.00 | 34.93 | 46.93 | OK | |
| r-devel-linux-x86_64-fedora-gcc | 0.1.3 | 42.58 | OK | |||
| r-devel-windows-x86_64 | 0.1.3 | 3.00 | 51.00 | 54.00 | OK | |
| r-patched-linux-x86_64 | 0.1.3 | 2.39 | 25.92 | 28.31 | OK | |
| r-release-linux-x86_64 | 0.1.3 | 2.98 | 26.28 | 29.26 | OK | |
| r-release-macos-arm64 | 0.1.3 | 1.00 | 18.00 | 19.00 | OK | |
| r-release-macos-x86_64 | 0.1.3 | 2.00 | 28.00 | 30.00 | OK | |
| r-release-windows-x86_64 | 0.1.3 | 3.00 | 49.00 | 52.00 | OK | |
| r-oldrel-macos-arm64 | 0.1.3 | 2.00 | 16.00 | 18.00 | OK | |
| r-oldrel-macos-x86_64 | 0.1.3 | 4.00 | 26.00 | 30.00 | OK | |
| r-oldrel-windows-x86_64 | 0.1.3 | 5.00 | 50.00 | 55.00 | OK | 
Version: 0.1.3
Check: CRAN incoming feasibility
Result: NOTE
  Maintainer: ‘Leopoldo Catania <leopoldo.catania@gmail.com>’
  
  No Authors@R field in DESCRIPTION.
  Please add one, modifying
    Authors@R: c(person(given = c("Leopoldo", "Catania", "&", "Mauro"),
                        family = "Bernardi",
                        role = "aut"),
                 person(given = "Leopoldo",
                        family = "Catania",
                        role = "cre",
                        email = "leopoldo.catania@gmail.com"))
  as necessary.
  
  Found the following URLs which should use \doi (with the DOI name only):
    File ‘LossVol.Rd’:
      http://dx.doi.org/10.1002/jae.800
Flavors: r-devel-linux-x86_64-debian-clang, r-devel-linux-x86_64-debian-gcc