Last updated on 2025-11-04 11:52:35 CET.
| Flavor | Version | Tinstall | Tcheck | Ttotal | Status | Flags | 
|---|---|---|---|---|---|---|
| r-devel-linux-x86_64-debian-clang | 1.0-10.1 | 4.56 | 47.50 | 52.06 | NOTE | |
| r-devel-linux-x86_64-debian-gcc | 1.0-10.1 | 3.59 | 34.89 | 38.48 | NOTE | |
| r-devel-linux-x86_64-fedora-clang | 1.0-10.1 | 20.00 | 68.70 | 88.70 | OK | |
| r-devel-linux-x86_64-fedora-gcc | 1.0-10.1 | 79.64 | OK | |||
| r-devel-windows-x86_64 | 1.0-10.1 | 4.00 | 72.00 | 76.00 | OK | |
| r-patched-linux-x86_64 | 1.0-10.1 | 5.29 | 44.39 | 49.68 | OK | |
| r-release-linux-x86_64 | 1.0-10.1 | 3.54 | 44.37 | 47.91 | OK | |
| r-release-macos-arm64 | 1.0-10.1 | 2.00 | 39.00 | 41.00 | OK | |
| r-release-macos-x86_64 | 1.0-10.1 | 4.00 | 43.00 | 47.00 | OK | |
| r-release-windows-x86_64 | 1.0-10.1 | 6.00 | 70.00 | 76.00 | OK | |
| r-oldrel-macos-arm64 | 1.0-10.1 | 2.00 | 22.00 | 24.00 | OK | |
| r-oldrel-macos-x86_64 | 1.0-10.1 | 4.00 | 53.00 | 57.00 | OK | |
| r-oldrel-windows-x86_64 | 1.0-10.1 | 6.00 | 79.00 | 85.00 | OK | 
Version: 1.0-10.1
Check: CRAN incoming feasibility
Result: NOTE
  Maintainer: ‘Bjoern Bornkamp <bornkamp@statistik.tu-dortmund.de>’
  
  No Authors@R field in DESCRIPTION.
  Please add one, modifying
    Authors@R: c(person(given = "Bjoern",
                        family = "Bornkamp",
                        role = c("aut", "cre"),
                        email = "bornkamp@statistik.tu-dortmund.de"),
                 person(given = "Jose",
                        family = "Pinheiro",
                        role = "aut"),
                 person(given = "Frank",
                        family = "Bretz",
                        role = "aut"))
  as necessary.
  
  Package CITATION file contains call(s) to old-style personList() or
  as.personList().  Please use c() on person objects instead.
Flavors: r-devel-linux-x86_64-debian-clang, r-devel-linux-x86_64-debian-gcc