Last updated on 2025-11-03 17:49:54 CET.
| Flavor | Version | Tinstall | Tcheck | Ttotal | Status | Flags |
|---|---|---|---|---|---|---|
| r-devel-linux-x86_64-debian-clang | 1.7-1 | 597.37 | 134.09 | 731.46 | OK | |
| r-devel-linux-x86_64-debian-gcc | 1.7-1 | 273.44 | 93.44 | 366.88 | OK | |
| r-devel-linux-x86_64-fedora-clang | 1.7-1 | 900.00 | 316.29 | 1216.29 | OK | |
| r-devel-linux-x86_64-fedora-gcc | 1.7-1 | 485.00 | 420.66 | 905.66 | OK | |
| r-devel-windows-x86_64 | 1.7-1 | 367.00 | 170.00 | 537.00 | OK | |
| r-patched-linux-x86_64 | 1.7-1 | 387.90 | 126.56 | 514.46 | OK | |
| r-release-linux-x86_64 | 1.7-1 | 389.29 | 126.43 | 515.72 | OK | |
| r-release-macos-arm64 | 1.7-1 | 195.00 | 54.00 | 249.00 | OK | |
| r-release-macos-x86_64 | 1.7-1 | 176.00 | 125.00 | 301.00 | OK | |
| r-release-windows-x86_64 | 1.7-1 | 360.00 | 165.00 | 525.00 | OK | |
| r-oldrel-macos-arm64 | 1.7-1 | 191.00 | 53.00 | 244.00 | NOTE | |
| r-oldrel-macos-x86_64 | 1.7-1 | 146.00 | 117.00 | 263.00 | NOTE | |
| r-oldrel-windows-x86_64 | 1.7-1 | 436.00 | 209.00 | 645.00 | OK |
Version: 1.7-1
Check: installed package size
Result: NOTE
installed size is 34.3Mb
sub-directories of 1Mb or more:
libs 33.2Mb
Flavors: r-oldrel-macos-arm64, r-oldrel-macos-x86_64