Last updated on 2025-11-04 05:51:16 CET.
| Flavor | Version | Tinstall | Tcheck | Ttotal | Status | Flags | 
|---|---|---|---|---|---|---|
| r-devel-linux-x86_64-debian-clang | 1.0 | 6.19 | 49.78 | 55.97 | NOTE | |
| r-devel-linux-x86_64-debian-gcc | 1.0 | 5.01 | 38.17 | 43.18 | NOTE | |
| r-devel-linux-x86_64-fedora-clang | 1.0 | 22.00 | 64.95 | 86.95 | OK | |
| r-devel-linux-x86_64-fedora-gcc | 1.0 | 11.00 | 67.71 | 78.71 | OK | |
| r-devel-windows-x86_64 | 1.0 | 6.00 | 59.00 | 65.00 | OK | |
| r-patched-linux-x86_64 | 1.0 | 5.44 | 46.95 | 52.39 | OK | |
| r-release-linux-x86_64 | 1.0 | 5.49 | 48.03 | 53.52 | OK | |
| r-release-macos-arm64 | 1.0 | 3.00 | 27.00 | 30.00 | OK | |
| r-release-macos-x86_64 | 1.0 | 8.00 | 68.00 | 76.00 | OK | |
| r-release-windows-x86_64 | 1.0 | 7.00 | 57.00 | 64.00 | OK | |
| r-oldrel-macos-arm64 | 1.0 | 3.00 | 26.00 | 29.00 | OK | |
| r-oldrel-macos-x86_64 | 1.0 | 4.00 | 35.00 | 39.00 | OK | |
| r-oldrel-windows-x86_64 | 1.0 | 8.00 | 74.00 | 82.00 | OK | 
Version: 1.0
Check: CRAN incoming feasibility
Result: NOTE
  Maintainer: ‘Ronja Foraita <foraita@bips.uni-bremen.de>’
  
  No Authors@R field in DESCRIPTION.
  Please add one, modifying
    Authors@R: c(person(given = c("Martin", "L."),
                        family = "Jäger",
                        role = "aut"),
                 person(given = "Ronja",
                        family = "Foraita",
                        role = "cre",
                        email = "foraita@bips.uni-bremen.de"))
  as necessary.
Flavors: r-devel-linux-x86_64-debian-clang, r-devel-linux-x86_64-debian-gcc