Last updated on 2025-11-04 11:52:34 CET.
| Flavor | Version | Tinstall | Tcheck | Ttotal | Status | Flags | 
|---|---|---|---|---|---|---|
| r-devel-linux-x86_64-debian-clang | 0.8-3 | 4.94 | 49.35 | 54.29 | NOTE | |
| r-devel-linux-x86_64-debian-gcc | 0.8-3 | 2.94 | 35.17 | 38.11 | NOTE | |
| r-devel-linux-x86_64-fedora-clang | 0.8-3 | 26.00 | 60.00 | 86.00 | OK | |
| r-devel-linux-x86_64-fedora-gcc | 0.8-3 | 11.00 | 65.85 | 76.85 | OK | |
| r-devel-windows-x86_64 | 0.8-3 | 7.00 | 75.00 | 82.00 | OK | |
| r-patched-linux-x86_64 | 0.8-3 | 6.46 | 45.96 | 52.42 | OK | |
| r-release-linux-x86_64 | 0.8-3 | 4.72 | 46.96 | 51.68 | OK | |
| r-release-macos-arm64 | 0.8-3 | 2.00 | 23.00 | 25.00 | OK | |
| r-release-macos-x86_64 | 0.8-3 | 4.00 | 37.00 | 41.00 | OK | |
| r-release-windows-x86_64 | 0.8-3 | 7.00 | 73.00 | 80.00 | OK | |
| r-oldrel-macos-arm64 | 0.8-3 | 2.00 | 22.00 | 24.00 | OK | |
| r-oldrel-macos-x86_64 | 0.8-3 | 4.00 | 32.00 | 36.00 | OK | |
| r-oldrel-windows-x86_64 | 0.8-3 | 11.00 | 90.00 | 101.00 | OK | 
Version: 0.8-3
Check: CRAN incoming feasibility
Result: NOTE
  Maintainer: ‘AC Del Re <acdelre@gmail.com>’
  
  Package CITATION file contains call(s) to old-style personList() or
  as.personList().  Please use c() on person objects instead.
  Package CITATION file contains call(s) to old-style citEntry().  Please
  use bibentry() instead.
Flavors: r-devel-linux-x86_64-debian-clang, r-devel-linux-x86_64-debian-gcc