CRAN Package Check Results for Package MANCIE

Last updated on 2025-07-13 18:52:48 CEST.

Flavor Version Tinstall Tcheck Ttotal Status Flags
r-devel-linux-x86_64-debian-clang 1.4 1.43 19.89 21.32 NOTE
r-devel-linux-x86_64-debian-gcc 1.4 1.26 16.87 18.13 NOTE
r-devel-linux-x86_64-fedora-clang 1.4 32.65 OK
r-devel-linux-x86_64-fedora-gcc 1.4 31.38 OK
r-devel-windows-x86_64 1.4 2.00 37.00 39.00 OK
r-patched-linux-x86_64 1.4 1.74 18.65 20.39 OK
r-release-linux-x86_64 1.4 1.31 18.75 20.06 OK
r-release-macos-arm64 1.4 15.00 OK
r-release-macos-x86_64 1.4 23.00 OK
r-release-windows-x86_64 1.4 3.00 36.00 39.00 OK
r-oldrel-macos-arm64 1.4 15.00 OK
r-oldrel-macos-x86_64 1.4 21.00 OK
r-oldrel-windows-x86_64 1.4 3.00 37.00 40.00 OK

Check Details

Version: 1.4
Check: CRAN incoming feasibility
Result: NOTE Maintainer: ‘Tao Wang <tao.wang@utsouthwestern.edu>’ No Authors@R field in DESCRIPTION. Please add one, modifying Authors@R: c(person(given = "Tao", family = "Wang", role = c("aut", "cre"), email = "tao.wang@utsouthwestern.edu"), person(given = "Chongzhi", family = "Zang", role = "aut")) as necessary. Flavors: r-devel-linux-x86_64-debian-clang, r-devel-linux-x86_64-debian-gcc

mirror server hosted at Truenetwork, Russian Federation.