Last updated on 2025-11-04 05:51:15 CET.
| Flavor | Version | Tinstall | Tcheck | Ttotal | Status | Flags | 
|---|---|---|---|---|---|---|
| r-devel-linux-x86_64-debian-clang | 1.0.1 | 129.00 | 177.84 | 306.84 | OK | |
| r-devel-linux-x86_64-debian-gcc | 1.0.1 | 74.74 | 130.42 | 205.16 | OK | |
| r-devel-linux-x86_64-fedora-clang | 1.0.1 | 206.00 | 328.00 | 534.00 | OK | |
| r-devel-linux-x86_64-fedora-gcc | 1.0.1 | 214.00 | 257.53 | 471.53 | OK | |
| r-devel-windows-x86_64 | 1.0.1 | 129.00 | 160.00 | 289.00 | OK | |
| r-patched-linux-x86_64 | 1.0.1 | 118.39 | 189.87 | 308.26 | OK | |
| r-release-linux-x86_64 | 1.0.1 | 110.90 | 190.50 | 301.40 | OK | |
| r-release-macos-arm64 | 1.0.1 | 39.00 | 71.00 | 110.00 | OK | |
| r-release-macos-x86_64 | 1.0.1 | 71.00 | 242.00 | 313.00 | OK | |
| r-release-windows-x86_64 | 1.0.1 | 136.00 | 160.00 | 296.00 | OK | |
| r-oldrel-macos-arm64 | 1.0.1 | 36.00 | 75.00 | 111.00 | NOTE | |
| r-oldrel-macos-x86_64 | 1.0.1 | 82.00 | 280.00 | 362.00 | NOTE | |
| r-oldrel-windows-x86_64 | 1.0.1 | 153.00 | 229.00 | 382.00 | OK | 
Version: 1.0.1
Check: installed package size
Result: NOTE
    installed size is  7.7Mb
    sub-directories of 1Mb or more:
      libs   7.6Mb
Flavors: r-oldrel-macos-arm64, r-oldrel-macos-x86_64