Last updated on 2025-05-23 18:50:32 CEST.
Flavor | Version | Tinstall | Tcheck | Ttotal | Status | Flags |
---|---|---|---|---|---|---|
r-devel-linux-x86_64-debian-clang | 1.0.1 | 22.39 | 28.89 | 51.28 | NOTE | |
r-devel-linux-x86_64-debian-gcc | 1.0.1 | 16.52 | 22.87 | 39.39 | NOTE | |
r-devel-linux-x86_64-fedora-clang | 1.0.1 | 93.98 | OK | |||
r-devel-linux-x86_64-fedora-gcc | 1.0.1 | 90.82 | OK | |||
r-devel-windows-x86_64 | 1.0.1 | 27.00 | 75.00 | 102.00 | OK | |
r-patched-linux-x86_64 | 1.0.1 | 22.42 | 27.80 | 50.22 | OK | |
r-release-linux-x86_64 | 1.0.1 | 21.30 | 27.82 | 49.12 | OK | |
r-release-macos-arm64 | 1.0.1 | 45.00 | OK | |||
r-release-macos-x86_64 | 1.0.1 | 46.00 | OK | |||
r-release-windows-x86_64 | 1.0.1 | 27.00 | 118.00 | 145.00 | OK | |
r-oldrel-macos-arm64 | 1.0.1 | 28.00 | OK | |||
r-oldrel-macos-x86_64 | 1.0.1 | 41.00 | OK | |||
r-oldrel-windows-x86_64 | 1.0.1 | 32.00 | 83.00 | 115.00 | OK |
Version: 1.0.1
Check: CRAN incoming feasibility
Result: NOTE
Maintainer: ‘Andrew Chapple <achapp@lsuhsc.edu>’
No Authors@R field in DESCRIPTION.
Please add one, modifying
Authors@R: person(given = "Andrew",
family = "Chapple",
role = c("aut", "cre"),
email = "achapp@lsuhsc.edu")
as necessary.
Flavors: r-devel-linux-x86_64-debian-clang, r-devel-linux-x86_64-debian-gcc