Last updated on 2025-11-04 05:51:15 CET.
| Flavor | Version | Tinstall | Tcheck | Ttotal | Status | Flags | 
|---|---|---|---|---|---|---|
| r-devel-linux-x86_64-debian-clang | 1.2-7 | 4.95 | 40.52 | 45.47 | NOTE | |
| r-devel-linux-x86_64-debian-gcc | 1.2-7 | 4.22 | 29.53 | 33.75 | NOTE | |
| r-devel-linux-x86_64-fedora-clang | 1.2-7 | 28.00 | 45.67 | 73.67 | OK | |
| r-devel-linux-x86_64-fedora-gcc | 1.2-7 | 12.00 | 52.96 | 64.96 | OK | |
| r-devel-windows-x86_64 | 1.2-7 | 7.00 | 64.00 | 71.00 | OK | |
| r-patched-linux-x86_64 | 1.2-7 | 6.07 | 38.07 | 44.14 | OK | |
| r-release-linux-x86_64 | 1.2-7 | 3.66 | 38.60 | 42.26 | OK | |
| r-release-macos-arm64 | 1.2-7 | 3.00 | 24.00 | 27.00 | OK | |
| r-release-macos-x86_64 | 1.2-7 | 5.00 | 36.00 | 41.00 | OK | |
| r-release-windows-x86_64 | 1.2-7 | 6.00 | 61.00 | 67.00 | OK | |
| r-oldrel-macos-arm64 | 1.2-7 | 2.00 | 22.00 | 24.00 | OK | |
| r-oldrel-macos-x86_64 | 1.2-7 | 4.00 | 32.00 | 36.00 | OK | |
| r-oldrel-windows-x86_64 | 1.2-7 | 8.00 | 68.00 | 76.00 | OK | 
Version: 1.2-7
Check: CRAN incoming feasibility
Result: NOTE
  Maintainer: ‘Alexis Dinno <alexis.dinno@pdx.edu>’
  
  No Authors@R field in DESCRIPTION.
  Please add one, modifying
    Authors@R: person(given = "Alexis",
                      family = "Dinno",
                      role = c("aut", "cre"),
                      email = "alexis.dinno@pdx.edu")
  as necessary.
Flavors: r-devel-linux-x86_64-debian-clang, r-devel-linux-x86_64-debian-gcc