Last updated on 2025-02-22 11:51:30 CET.
Flavor | Version | Tinstall | Tcheck | Ttotal | Status | Flags |
---|---|---|---|---|---|---|
r-devel-linux-x86_64-debian-clang | 0.8.3 | 10.59 | 28.04 | 38.63 | OK | |
r-devel-linux-x86_64-debian-gcc | 0.8.3 | 7.36 | 21.49 | 28.85 | OK | |
r-devel-linux-x86_64-fedora-clang | 0.8.3 | 70.19 | NOTE | |||
r-devel-linux-x86_64-fedora-gcc | 0.8.3 | 64.94 | NOTE | |||
r-devel-macos-arm64 | 0.8.3 | 23.00 | OK | |||
r-devel-macos-x86_64 | 0.8.3 | 39.00 | OK | |||
r-devel-windows-x86_64 | 0.8.3 | 12.00 | 65.00 | 77.00 | OK | |
r-patched-linux-x86_64 | 0.8.3 | 10.22 | 26.75 | 36.97 | OK | |
r-release-linux-x86_64 | 0.8.3 | 10.50 | 26.74 | 37.24 | OK | |
r-release-macos-arm64 | 0.8.3 | 24.00 | OK | |||
r-release-macos-x86_64 | 0.8.3 | 32.00 | OK | |||
r-release-windows-x86_64 | 0.8.3 | 13.00 | 68.00 | 81.00 | OK | |
r-oldrel-macos-arm64 | 0.8.3 | 27.00 | OK | |||
r-oldrel-macos-x86_64 | 0.8.3 | 39.00 | OK | |||
r-oldrel-windows-x86_64 | 0.8.3 | 14.00 | 79.00 | 93.00 | OK |
Version: 0.8.3
Check: compiled code
Result: NOTE
File ‘LassoNet/libs/LassoNet.so’:
Found no calls to: ‘R_registerRoutines’, ‘R_useDynamicSymbols’
It is good practice to register native routines and to disable symbol
search.
See ‘Writing portable packages’ in the ‘Writing R Extensions’ manual.
Flavors: r-devel-linux-x86_64-fedora-clang, r-devel-linux-x86_64-fedora-gcc