Last updated on 2025-11-03 23:50:22 CET.
| Flavor | Version | Tinstall | Tcheck | Ttotal | Status | Flags | 
|---|---|---|---|---|---|---|
| r-devel-linux-x86_64-debian-clang | 2.0.6 | 58.55 | 432.23 | 490.78 | OK | |
| r-devel-linux-x86_64-debian-gcc | 2.0.6 | 36.96 | 265.75 | 302.71 | OK | |
| r-devel-linux-x86_64-fedora-clang | 2.0.6 | 236.00 | 569.41 | 805.41 | OK | |
| r-devel-linux-x86_64-fedora-gcc | 2.0.6 | 89.00 | 663.82 | 752.82 | OK | |
| r-devel-windows-x86_64 | 2.0.6 | 64.00 | 475.00 | 539.00 | OK | |
| r-patched-linux-x86_64 | 2.0.6 | 57.47 | 405.53 | 463.00 | OK | |
| r-release-linux-x86_64 | 2.0.6 | 58.73 | 379.25 | 437.98 | OK | |
| r-release-macos-arm64 | 2.0.6 | 22.00 | 170.00 | 192.00 | OK | |
| r-release-macos-x86_64 | 2.0.6 | 29.00 | 425.00 | 454.00 | OK | |
| r-release-windows-x86_64 | 2.0.6 | 63.00 | 458.00 | 521.00 | OK | |
| r-oldrel-macos-arm64 | 2.0.6 | 20.00 | 169.00 | 189.00 | NOTE | |
| r-oldrel-macos-x86_64 | 2.0.6 | 35.00 | 431.00 | 466.00 | NOTE | |
| r-oldrel-windows-x86_64 | 2.0.6 | 77.00 | 630.00 | 707.00 | NOTE | 
Version: 2.0.6
Check: installed package size
Result: NOTE
    installed size is  7.9Mb
    sub-directories of 1Mb or more:
      doc    3.1Mb
      libs   3.4Mb
Flavors: r-oldrel-macos-arm64, r-oldrel-macos-x86_64, r-oldrel-windows-x86_64