Last updated on 2025-05-29 00:48:25 CEST.
Flavor | Version | Tinstall | Tcheck | Ttotal | Status | Flags |
---|---|---|---|---|---|---|
r-devel-linux-x86_64-debian-clang | 2.1 | 5.56 | 65.97 | 71.53 | NOTE | |
r-devel-linux-x86_64-debian-gcc | 2.1 | 3.83 | 44.72 | 48.55 | NOTE | |
r-devel-linux-x86_64-fedora-clang | 2.1 | 116.04 | NOTE | |||
r-devel-linux-x86_64-fedora-gcc | 2.1 | 115.68 | NOTE | |||
r-devel-windows-x86_64 | 2.1 | 8.00 | 78.00 | 86.00 | NOTE | |
r-patched-linux-x86_64 | 2.1 | 5.28 | 64.22 | 69.50 | NOTE | |
r-release-linux-x86_64 | 2.1 | 5.18 | 62.75 | 67.93 | NOTE | |
r-release-macos-arm64 | 2.1 | 36.00 | NOTE | |||
r-release-macos-x86_64 | 2.1 | 94.00 | NOTE | |||
r-release-windows-x86_64 | 2.1 | 8.00 | 77.00 | 85.00 | NOTE | |
r-oldrel-macos-arm64 | 2.1 | 32.00 | NOTE | |||
r-oldrel-macos-x86_64 | 2.1 | 61.00 | NOTE | |||
r-oldrel-windows-x86_64 | 2.1 | 9.00 | 95.00 | 104.00 | NOTE |
Version: 2.1
Check: Rd files
Result: NOTE
checkRd: (-1) LS.kalman.Rd:65: Escaped LaTeX specials: \&
checkRd: (-1) spectral.density.Rd:55: Escaped LaTeX specials: \&
Flavors: r-devel-linux-x86_64-debian-clang, r-devel-linux-x86_64-debian-gcc, r-devel-linux-x86_64-fedora-clang, r-devel-linux-x86_64-fedora-gcc, r-devel-windows-x86_64, r-patched-linux-x86_64, r-release-linux-x86_64, r-release-macos-arm64, r-release-macos-x86_64, r-release-windows-x86_64, r-oldrel-macos-arm64, r-oldrel-macos-x86_64, r-oldrel-windows-x86_64
Version: 2.1
Check: dependencies in R code
Result: NOTE
Namespace in Imports field not imported from: ‘Rdpack’
All declared Imports should be used.
Flavors: r-devel-linux-x86_64-fedora-clang, r-devel-linux-x86_64-fedora-gcc