Last updated on 2025-11-03 23:50:22 CET.
| Flavor | Version | Tinstall | Tcheck | Ttotal | Status | Flags | 
|---|---|---|---|---|---|---|
| r-devel-linux-x86_64-debian-clang | 1.0.3 | 7.09 | 45.77 | 52.86 | NOTE | |
| r-devel-linux-x86_64-debian-gcc | 1.0.3 | 4.44 | 32.50 | 36.94 | NOTE | |
| r-devel-linux-x86_64-fedora-clang | 1.0.3 | 40.00 | 46.39 | 86.39 | OK | |
| r-devel-linux-x86_64-fedora-gcc | 1.0.3 | 13.00 | 58.99 | 71.99 | OK | |
| r-devel-windows-x86_64 | 1.0.3 | 7.00 | 56.00 | 63.00 | OK | |
| r-patched-linux-x86_64 | 1.0.3 | 6.34 | 41.58 | 47.92 | OK | |
| r-release-linux-x86_64 | 1.0.3 | 6.43 | 41.72 | 48.15 | OK | |
| r-release-macos-arm64 | 1.0.3 | 3.00 | 35.00 | 38.00 | OK | |
| r-release-macos-x86_64 | 1.0.3 | 5.00 | 36.00 | 41.00 | OK | |
| r-release-windows-x86_64 | 1.0.3 | 7.00 | 54.00 | 61.00 | OK | |
| r-oldrel-macos-arm64 | 1.0.3 | 3.00 | 21.00 | 24.00 | OK | |
| r-oldrel-macos-x86_64 | 1.0.3 | 4.00 | 30.00 | 34.00 | OK | |
| r-oldrel-windows-x86_64 | 1.0.3 | 9.00 | 67.00 | 76.00 | OK | 
Version: 1.0.3
Check: CRAN incoming feasibility
Result: NOTE
  Maintainer: ‘Gereon Poschmann <gereon.poschmann@hhu.de>’
  
  No Authors@R field in DESCRIPTION.
  Please add one, modifying
    Authors@R: c(person(given = "Rafael",
                        family = "Dellen",
                        role = "aut"),
                 person(given = c("with", "contributions", "of", "Fabian"),
                        family = "Kruse",
                        role = "aut"),
                 person(given = "Gereon",
                        family = "Poschmann",
                        role = "cre",
                        email = "gereon.poschmann@hhu.de"))
  as necessary.
Flavors: r-devel-linux-x86_64-debian-clang, r-devel-linux-x86_64-debian-gcc