CRAN Package Check Results for Package LNIRT

Last updated on 2025-11-03 17:49:53 CET.

Flavor Version Tinstall Tcheck Ttotal Status Flags
r-devel-linux-x86_64-debian-clang 0.5.1 9.24 44.59 53.83 NOTE
r-devel-linux-x86_64-debian-gcc 0.5.1 5.70 31.38 37.08 NOTE
r-devel-linux-x86_64-fedora-clang 0.5.1 85.00 9.67 94.67 OK
r-devel-linux-x86_64-fedora-gcc 0.5.1 20.00 60.00 80.00 OK
r-devel-windows-x86_64 0.5.1 8.00 56.00 64.00 OK
r-patched-linux-x86_64 0.5.1 8.72 41.64 50.36 OK
r-release-linux-x86_64 0.5.1 7.64 41.57 49.21 OK
r-release-macos-arm64 0.5.1 4.00 25.00 29.00 OK
r-release-macos-x86_64 0.5.1 9.00 39.00 48.00 OK
r-release-windows-x86_64 0.5.1 9.00 53.00 62.00 OK
r-oldrel-macos-arm64 0.5.1 4.00 18.00 22.00 OK
r-oldrel-macos-x86_64 0.5.1 6.00 30.00 36.00 OK
r-oldrel-windows-x86_64 0.5.1 10.00 68.00 78.00 OK

Check Details

Version: 0.5.1
Check: CRAN incoming feasibility
Result: NOTE Maintainer: ‘Konrad Klotzke <omd.bms.utwente.stats@gmail.com>’ No Authors@R field in DESCRIPTION. Please add one, modifying Authors@R: c(person(given = "Jean-Paul", family = "Fox", role = "aut"), person(given = "Konrad", family = "Klotzke", role = c("aut", "cre"), email = "omd.bms.utwente.stats@gmail.com"), person(given = c("Rinke", "Klein"), family = "Entink", role = "aut")) as necessary. Flavors: r-devel-linux-x86_64-debian-clang, r-devel-linux-x86_64-debian-gcc

mirror server hosted at Truenetwork, Russian Federation.