Last updated on 2025-11-03 17:49:53 CET.
| Flavor | Version | Tinstall | Tcheck | Ttotal | Status | Flags |
|---|---|---|---|---|---|---|
| r-devel-linux-x86_64-debian-clang | 1.1.3 | 35.99 | 62.82 | 98.81 | OK | |
| r-devel-linux-x86_64-debian-gcc | 1.1.3 | 24.35 | 46.00 | 70.35 | OK | |
| r-devel-linux-x86_64-fedora-clang | 1.1.3 | 234.00 | -43.45 | 190.55 | OK | |
| r-devel-linux-x86_64-fedora-gcc | 1.1.3 | 34.00 | 139.93 | 173.93 | OK | |
| r-devel-windows-x86_64 | 1.1.3 | 40.00 | 94.00 | 134.00 | OK | |
| r-patched-linux-x86_64 | 1.1.3 | 34.44 | 62.21 | 96.65 | OK | |
| r-release-linux-x86_64 | 1.1.3 | 35.78 | 62.72 | 98.50 | OK | |
| r-release-macos-arm64 | 1.1.3 | 15.00 | 44.00 | 59.00 | OK | |
| r-release-macos-x86_64 | 1.1.3 | 26.00 | 78.00 | 104.00 | OK | |
| r-release-windows-x86_64 | 1.1.3 | 42.00 | 91.00 | 133.00 | OK | |
| r-oldrel-macos-arm64 | 1.1.3 | 17.00 | 33.00 | 50.00 | NOTE | |
| r-oldrel-macos-x86_64 | 1.1.3 | 24.00 | 59.00 | 83.00 | NOTE | |
| r-oldrel-windows-x86_64 | 1.1.3 | 48.00 | 120.00 | 168.00 | OK |
Version: 1.1.3
Check: installed package size
Result: NOTE
installed size is 8.0Mb
sub-directories of 1Mb or more:
libs 7.6Mb
Flavors: r-oldrel-macos-arm64, r-oldrel-macos-x86_64