Last updated on 2025-02-22 11:51:30 CET.
Flavor | Version | Tinstall | Tcheck | Ttotal | Status | Flags |
---|---|---|---|---|---|---|
r-devel-linux-x86_64-debian-clang | 1.1.0 | 37.68 | 378.75 | 416.43 | OK | |
r-devel-linux-x86_64-debian-gcc | 1.1.0 | 24.43 | 241.46 | 265.89 | OK | |
r-devel-linux-x86_64-fedora-clang | 1.1.0 | 689.03 | OK | |||
r-devel-linux-x86_64-fedora-gcc | 1.1.0 | 654.42 | OK | |||
r-devel-macos-arm64 | 1.1.0 | 152.00 | OK | |||
r-devel-macos-x86_64 | 1.1.0 | 401.00 | OK | |||
r-devel-windows-x86_64 | 1.1.0 | 40.00 | 336.00 | 376.00 | OK | |
r-patched-linux-x86_64 | 1.1.0 | 41.41 | 350.35 | 391.76 | OK | |
r-release-linux-x86_64 | 1.1.0 | 35.09 | 356.16 | 391.25 | OK | |
r-release-macos-arm64 | 1.1.0 | 153.00 | NOTE | |||
r-release-macos-x86_64 | 1.1.0 | 275.00 | NOTE | |||
r-release-windows-x86_64 | 1.1.0 | 39.00 | 332.00 | 371.00 | NOTE | |
r-oldrel-macos-arm64 | 1.1.0 | 157.00 | NOTE | |||
r-oldrel-macos-x86_64 | 1.1.0 | 421.00 | NOTE | |||
r-oldrel-windows-x86_64 | 1.1.0 | 50.00 | 446.00 | 496.00 | NOTE |
Version: 1.1.0
Check: installed package size
Result: NOTE
installed size is 7.0Mb
sub-directories of 1Mb or more:
R 2.1Mb
doc-overview 2.2Mb
Flavors: r-release-macos-arm64, r-release-macos-x86_64, r-release-windows-x86_64, r-oldrel-macos-arm64, r-oldrel-macos-x86_64, r-oldrel-windows-x86_64