Last updated on 2025-11-04 05:51:15 CET.
| Flavor | Version | Tinstall | Tcheck | Ttotal | Status | Flags | 
|---|---|---|---|---|---|---|
| r-devel-linux-x86_64-debian-clang | 3.0 | 13.89 | 94.69 | 108.58 | NOTE | |
| r-devel-linux-x86_64-debian-gcc | 3.0 | 8.48 | 66.15 | 74.63 | NOTE | |
| r-devel-linux-x86_64-fedora-clang | 3.0 | 118.00 | 69.90 | 187.90 | NOTE | |
| r-devel-linux-x86_64-fedora-gcc | 3.0 | 28.00 | 130.79 | 158.79 | NOTE | |
| r-devel-windows-x86_64 | 3.0 | 14.00 | 97.00 | 111.00 | NOTE | |
| r-patched-linux-x86_64 | 3.0 | 14.71 | 89.80 | 104.51 | NOTE | |
| r-release-linux-x86_64 | 3.0 | 12.84 | 90.31 | 103.15 | NOTE | |
| r-release-macos-arm64 | 3.0 | 8.00 | 55.00 | 63.00 | NOTE | |
| r-release-macos-x86_64 | 3.0 | 13.00 | 88.00 | 101.00 | NOTE | |
| r-release-windows-x86_64 | 3.0 | 15.00 | 94.00 | 109.00 | NOTE | |
| r-oldrel-macos-arm64 | 3.0 | 6.00 | 39.00 | 45.00 | NOTE | |
| r-oldrel-macos-x86_64 | 3.0 | 8.00 | 82.00 | 90.00 | NOTE | |
| r-oldrel-windows-x86_64 | 3.0 | 19.00 | 126.00 | 145.00 | NOTE | 
Version: 3.0
Check: CRAN incoming feasibility
Result: NOTE
  Maintainer: ‘"Antoine Tremblay, Statistics Canada" <trea26@gmail.com>’
  
  No Authors@R field in DESCRIPTION.
  Please add one, modifying
    Authors@R: c(person(given = "Antoine",
                        family = "Tremblay",
                        role = "aut"),
                 person(given = "Statistics",
                        family = "Canada",
                        role = "aut"),
                 person(given = "Johannes",
                        family = "Ransijn",
                        role = "aut"),
                 person(given = c("University", "of"),
                        family = "Copenhagen",
                        role = "aut"),
                 person(given = "\"Antoine",
                        family = "Tremblay",
                        role = "cre"),
                 person(given = "Statistics",
                        family = "Canada\"",
                        role = "cre",
                        email = "trea26@gmail.com"))
  as necessary.
Flavors: r-devel-linux-x86_64-debian-clang, r-devel-linux-x86_64-debian-gcc
Version: 3.0
Check: Rd files
Result: NOTE
  checkRd: (-1) relLik.Rd:16: Lost braces
      16 | \item{AIC(x), BIC(x) }{The \code{AIC} or ]code{BIC} value of the first model object.}
         |                                               ^
  checkRd: (-1) relLik.Rd:17: Lost braces
      17 | \item{AIC(y), BIC(y) }{The \code{AIC} or ]code{BIC} value of the second model object.}
         |                                               ^
Flavors: r-devel-linux-x86_64-debian-clang, r-devel-linux-x86_64-debian-gcc, r-devel-linux-x86_64-fedora-clang, r-devel-linux-x86_64-fedora-gcc, r-devel-windows-x86_64, r-patched-linux-x86_64, r-release-linux-x86_64, r-release-macos-arm64, r-release-macos-x86_64, r-release-windows-x86_64, r-oldrel-macos-arm64, r-oldrel-macos-x86_64, r-oldrel-windows-x86_64