CRAN Package Check Results for Package LGRF

Last updated on 2025-07-16 07:49:09 CEST.

Flavor Version Tinstall Tcheck Ttotal Status Flags
r-devel-linux-x86_64-debian-clang 1.0 9.62 78.02 87.64 NOTE
r-devel-linux-x86_64-debian-gcc 1.0 6.47 58.30 64.77 NOTE
r-devel-linux-x86_64-fedora-clang 1.0 139.01 OK
r-devel-linux-x86_64-fedora-gcc 1.0 135.26 OK
r-devel-windows-x86_64 1.0 10.00 88.00 98.00 OK
r-patched-linux-x86_64 1.0 10.00 73.31 83.31 OK
r-release-linux-x86_64 1.0 9.28 73.03 82.31 OK
r-release-macos-arm64 1.0 39.00 OK
r-release-macos-x86_64 1.0 110.00 OK
r-release-windows-x86_64 1.0 10.00 107.00 117.00 OK
r-oldrel-macos-arm64 1.0 40.00 OK
r-oldrel-macos-x86_64 1.0 57.00 OK
r-oldrel-windows-x86_64 1.0 13.00 109.00 122.00 OK

Check Details

Version: 1.0
Check: CRAN incoming feasibility
Result: NOTE Maintainer: ‘Zihuai He <zihuai@umich.edu>’ No Authors@R field in DESCRIPTION. Please add one, modifying Authors@R: person(given = "Zihuai", family = "He", role = c("aut", "cre"), email = "zihuai@umich.edu") as necessary. Flavors: r-devel-linux-x86_64-debian-clang, r-devel-linux-x86_64-debian-gcc

mirror server hosted at Truenetwork, Russian Federation.