Last updated on 2025-05-27 18:49:53 CEST.
Flavor | Version | Tinstall | Tcheck | Ttotal | Status | Flags |
---|---|---|---|---|---|---|
r-devel-linux-x86_64-debian-clang | 1.3.3 | 1.84 | 25.56 | 27.40 | NOTE | |
r-devel-linux-x86_64-debian-gcc | 1.3.3 | 1.65 | 20.73 | 22.38 | NOTE | |
r-devel-linux-x86_64-fedora-clang | 1.3.3 | 42.63 | OK | |||
r-devel-linux-x86_64-fedora-gcc | 1.3.3 | 44.25 | OK | |||
r-devel-windows-x86_64 | 1.3.3 | 3.00 | 48.00 | 51.00 | OK | |
r-patched-linux-x86_64 | 1.3.3 | 2.11 | 25.53 | 27.64 | OK | |
r-release-linux-x86_64 | 1.3.3 | 2.13 | 25.60 | 27.73 | OK | |
r-release-macos-arm64 | 1.3.3 | 18.00 | OK | |||
r-release-macos-x86_64 | 1.3.3 | 31.00 | OK | |||
r-release-windows-x86_64 | 1.3.3 | 3.00 | 47.00 | 50.00 | OK | |
r-oldrel-macos-arm64 | 1.3.3 | 17.00 | OK | |||
r-oldrel-macos-x86_64 | 1.3.3 | 31.00 | OK | |||
r-oldrel-windows-x86_64 | 1.3.3 | 3.00 | 55.00 | 58.00 | OK |
Version: 1.3.3
Check: CRAN incoming feasibility
Result: NOTE
Maintainer: ‘Aurélie Siberchicot <aurelie.siberchicot@univ-lyon1.fr>’
No Authors@R field in DESCRIPTION.
Please add one, modifying
Authors@R: c(person(given = "David",
family = "Desrousseaux",
role = "aut"),
person(given = "Florian",
family = "Sandron",
role = "aut"),
person(given = "Aurélie",
family = "Siberchicot",
role = c("aut", "cre"),
email = "aurelie.siberchicot@univ-lyon1.fr"),
person(given = "Christine",
family = "Cierco-Ayrolles",
role = "aut"),
person(given = "Brigitte",
family = "Mangin",
role = "aut"))
as necessary.
Flavors: r-devel-linux-x86_64-debian-clang, r-devel-linux-x86_64-debian-gcc