Last updated on 2025-11-04 11:52:34 CET.
| Flavor | Version | Tinstall | Tcheck | Ttotal | Status | Flags | 
|---|---|---|---|---|---|---|
| r-devel-linux-x86_64-debian-clang | 0.4.14 | 17.95 | 32.50 | 50.45 | NOTE | |
| r-devel-linux-x86_64-debian-gcc | 0.4.14 | 14.16 | 26.39 | 40.55 | NOTE | |
| r-devel-linux-x86_64-fedora-clang | 0.4.14 | 96.00 | 3.50 | 99.50 | OK | |
| r-devel-linux-x86_64-fedora-gcc | 0.4.14 | 25.00 | 57.77 | 82.77 | OK | |
| r-devel-windows-x86_64 | 0.4.14 | 23.00 | 59.00 | 82.00 | OK | |
| r-patched-linux-x86_64 | 0.4.14 | 18.60 | 31.30 | 49.90 | OK | |
| r-release-linux-x86_64 | 0.4.14 | 19.14 | 31.34 | 50.48 | OK | |
| r-release-macos-arm64 | 0.4.14 | 12.00 | 19.00 | 31.00 | OK | |
| r-release-macos-x86_64 | 0.4.14 | 18.00 | 32.00 | 50.00 | OK | |
| r-release-windows-x86_64 | 0.4.14 | 25.00 | 58.00 | 83.00 | OK | |
| r-oldrel-macos-arm64 | 0.4.14 | 11.00 | 19.00 | 30.00 | OK | |
| r-oldrel-macos-x86_64 | 0.4.14 | 12.00 | 25.00 | 37.00 | OK | |
| r-oldrel-windows-x86_64 | 0.4.14 | 21.00 | 61.00 | 82.00 | OK | 
Version: 0.4.14
Check: CRAN incoming feasibility
Result: NOTE
  Maintainer: ‘Daniel Manrique-Vallier <dmanriqu@indiana.edu>’
  
  No Authors@R field in DESCRIPTION.
  Please add one, modifying
    Authors@R: person(given = "Daniel",
                      family = "Manrique-Vallier",
                      role = c("aut", "cre"),
                      email = "dmanriqu@indiana.edu")
  as necessary.
Flavors: r-devel-linux-x86_64-debian-clang, r-devel-linux-x86_64-debian-gcc