CRAN Package Check Results for Package LAWBL

Last updated on 2025-07-16 00:49:45 CEST.

Flavor Version Tinstall Tcheck Ttotal Status Flags
r-devel-linux-x86_64-debian-clang 1.5.0 4.03 115.44 119.47 NOTE
r-devel-linux-x86_64-debian-gcc 1.5.0 3.44 73.85 77.29 NOTE
r-devel-linux-x86_64-fedora-clang 1.5.0 179.00 OK
r-devel-linux-x86_64-fedora-gcc 1.5.0 186.71 OK
r-devel-windows-x86_64 1.5.0 6.00 144.00 150.00 OK
r-patched-linux-x86_64 1.5.0 5.31 109.31 114.62 OK
r-release-linux-x86_64 1.5.0 4.77 110.19 114.96 OK
r-release-macos-arm64 1.5.0 59.00 OK
r-release-macos-x86_64 1.5.0 127.00 OK
r-release-windows-x86_64 1.5.0 6.00 143.00 149.00 OK
r-oldrel-macos-arm64 1.5.0 55.00 OK
r-oldrel-macos-x86_64 1.5.0 105.00 OK
r-oldrel-windows-x86_64 1.5.0 7.00 216.00 223.00 OK

Check Details

Version: 1.5.0
Check: CRAN incoming feasibility
Result: NOTE Maintainer: ‘Jinsong Chen <jinsong.chen@live.com>’ No Authors@R field in DESCRIPTION. Please add one, modifying Authors@R: person(given = "Jinsong", family = "Chen", role = c("aut", "cre", "cph"), email = "jinsong.chen@live.com") as necessary. Flavors: r-devel-linux-x86_64-debian-clang, r-devel-linux-x86_64-debian-gcc

mirror server hosted at Truenetwork, Russian Federation.