Last updated on 2025-05-27 18:49:53 CEST.
Flavor | Version | Tinstall | Tcheck | Ttotal | Status | Flags |
---|---|---|---|---|---|---|
r-devel-linux-x86_64-debian-clang | 0.3.0 | 25.89 | 207.82 | 233.71 | NOTE | |
r-devel-linux-x86_64-debian-gcc | 0.3.0 | 15.18 | 123.32 | 138.50 | NOTE | |
r-devel-linux-x86_64-fedora-clang | 0.3.0 | 360.01 | NOTE | |||
r-devel-linux-x86_64-fedora-gcc | 0.3.0 | 367.96 | NOTE | |||
r-devel-windows-x86_64 | 0.3.0 | 22.00 | 153.00 | 175.00 | NOTE | |
r-patched-linux-x86_64 | 0.3.0 | 21.96 | 189.65 | 211.61 | NOTE | |
r-release-linux-x86_64 | 0.3.0 | 23.27 | 189.79 | 213.06 | NOTE | |
r-release-macos-arm64 | 0.3.0 | 83.00 | NOTE | |||
r-release-macos-x86_64 | 0.3.0 | 177.00 | NOTE | |||
r-release-windows-x86_64 | 0.3.0 | 22.00 | 155.00 | 177.00 | NOTE | |
r-oldrel-macos-arm64 | 0.3.0 | 77.00 | OK | |||
r-oldrel-macos-x86_64 | 0.3.0 | 149.00 | OK | |||
r-oldrel-windows-x86_64 | 0.3.0 | 29.00 | 208.00 | 237.00 | OK |
Version: 0.3.0
Check: DESCRIPTION meta-information
Result: NOTE
Missing dependency on R >= 4.1.0 because package code uses the pipe
|> or function shorthand \(...) syntax added in R 4.1.0.
File(s) using such syntax:
‘NDVI2LAI.R’
Flavors: r-devel-linux-x86_64-debian-clang, r-devel-linux-x86_64-debian-gcc, r-devel-linux-x86_64-fedora-clang, r-devel-linux-x86_64-fedora-gcc, r-devel-windows-x86_64, r-patched-linux-x86_64, r-release-linux-x86_64, r-release-macos-arm64, r-release-macos-x86_64, r-release-windows-x86_64