Last updated on 2025-02-22 11:51:30 CET.
Flavor | Version | Tinstall | Tcheck | Ttotal | Status | Flags |
---|---|---|---|---|---|---|
r-devel-linux-x86_64-debian-clang | 0.3.0 | 24.53 | 199.97 | 224.50 | NOTE | |
r-devel-linux-x86_64-debian-gcc | 0.3.0 | 15.76 | 120.41 | 136.17 | NOTE | |
r-devel-linux-x86_64-fedora-clang | 0.3.0 | 356.17 | NOTE | |||
r-devel-linux-x86_64-fedora-gcc | 0.3.0 | 336.28 | NOTE | |||
r-devel-macos-arm64 | 0.3.0 | 79.00 | OK | |||
r-devel-macos-x86_64 | 0.3.0 | 199.00 | NOTE | |||
r-devel-windows-x86_64 | 0.3.0 | 20.00 | 150.00 | 170.00 | NOTE | |
r-patched-linux-x86_64 | 0.3.0 | 18.24 | 183.91 | 202.15 | OK | |
r-release-linux-x86_64 | 0.3.0 | 20.71 | 184.13 | 204.84 | OK | |
r-release-macos-arm64 | 0.3.0 | 77.00 | OK | |||
r-release-macos-x86_64 | 0.3.0 | 149.00 | OK | |||
r-release-windows-x86_64 | 0.3.0 | 21.00 | 150.00 | 171.00 | OK | |
r-oldrel-macos-arm64 | 0.3.0 | 72.00 | OK | |||
r-oldrel-macos-x86_64 | 0.3.0 | 184.00 | OK | |||
r-oldrel-windows-x86_64 | 0.3.0 | 30.00 | 203.00 | 233.00 | OK |
Version: 0.3.0
Check: DESCRIPTION meta-information
Result: NOTE
Missing dependency on R >= 4.1.0 because package code uses the pipe
|> or function shorthand \(...) syntax added in R 4.1.0.
File(s) using such syntax:
‘NDVI2LAI.R’
Flavors: r-devel-linux-x86_64-debian-clang, r-devel-linux-x86_64-debian-gcc, r-devel-linux-x86_64-fedora-clang, r-devel-linux-x86_64-fedora-gcc, r-devel-macos-x86_64, r-devel-windows-x86_64