Last updated on 2025-07-15 00:50:05 CEST.
Flavor | Version | Tinstall | Tcheck | Ttotal | Status | Flags |
---|---|---|---|---|---|---|
r-devel-linux-x86_64-debian-clang | 0.2.1 | 5.36 | 55.56 | 60.92 | OK | |
r-devel-linux-x86_64-debian-gcc | 0.2.1 | 4.41 | 40.53 | 44.94 | OK | |
r-devel-linux-x86_64-fedora-clang | 0.2.1 | 94.31 | NOTE | |||
r-devel-linux-x86_64-fedora-gcc | 0.2.1 | 100.85 | NOTE | |||
r-devel-windows-x86_64 | 0.2.1 | 7.00 | 73.00 | 80.00 | OK | |
r-patched-linux-x86_64 | 0.2.1 | 5.36 | 53.34 | 58.70 | OK | |
r-release-linux-x86_64 | 0.2.1 | 5.60 | 52.77 | 58.37 | OK | |
r-release-macos-arm64 | 0.2.1 | 48.00 | OK | |||
r-release-macos-x86_64 | 0.2.1 | 79.00 | OK | |||
r-release-windows-x86_64 | 0.2.1 | 8.00 | 73.00 | 81.00 | OK | |
r-oldrel-macos-arm64 | 0.2.1 | 32.00 | OK | |||
r-oldrel-macos-x86_64 | 0.2.1 | 54.00 | OK | |||
r-oldrel-windows-x86_64 | 0.2.1 | 10.00 | 87.00 | 97.00 | OK |
Version: 0.2.1
Check: dependencies in R code
Result: NOTE
Namespaces in Imports field not imported from:
‘dplyr’ ‘tibble’
All declared Imports should be used.
Flavors: r-devel-linux-x86_64-fedora-clang, r-devel-linux-x86_64-fedora-gcc