CRAN Package Check Results for Package KoulMde

Last updated on 2025-07-16 07:49:09 CEST.

Flavor Version Tinstall Tcheck Ttotal Status Flags
r-devel-linux-x86_64-debian-clang 3.2.1 32.33 54.54 86.87 NOTE
r-devel-linux-x86_64-debian-gcc 3.2.1 25.87 40.66 66.53 NOTE
r-devel-linux-x86_64-fedora-clang 3.2.1 152.31 NOTE
r-devel-linux-x86_64-fedora-gcc 3.2.1 138.41 NOTE
r-devel-windows-x86_64 3.2.1 41.00 89.00 130.00 NOTE
r-patched-linux-x86_64 3.2.1 33.29 52.26 85.55 NOTE
r-release-linux-x86_64 3.2.1 36.77 51.98 88.75 NOTE
r-release-macos-arm64 3.2.1 42.00 NOTE
r-release-macos-x86_64 3.2.1 66.00 NOTE
r-release-windows-x86_64 3.2.1 41.00 92.00 133.00 NOTE
r-oldrel-macos-arm64 3.2.1 41.00 NOTE
r-oldrel-macos-x86_64 3.2.1 63.00 NOTE
r-oldrel-windows-x86_64 3.2.1 50.00 102.00 152.00 NOTE

Check Details

Version: 3.2.1
Check: CRAN incoming feasibility
Result: NOTE Maintainer: ‘Jiwoong Kim <jwboys26@gmail.com>’ No Authors@R field in DESCRIPTION. Please add one, modifying Authors@R: person(given = "Jiwoong", family = "Kim", role = c("aut", "cre"), email = "jwboys26atgmail.com") as necessary. Flavors: r-devel-linux-x86_64-debian-clang, r-devel-linux-x86_64-debian-gcc

Version: 3.2.1
Check: C++ specification
Result: NOTE Specified C++11: please drop specification unless essential Flavors: r-devel-linux-x86_64-debian-clang, r-devel-linux-x86_64-debian-gcc, r-devel-linux-x86_64-fedora-clang, r-devel-linux-x86_64-fedora-gcc, r-devel-windows-x86_64, r-patched-linux-x86_64, r-release-linux-x86_64, r-release-macos-arm64, r-release-macos-x86_64, r-release-windows-x86_64, r-oldrel-macos-arm64, r-oldrel-macos-x86_64, r-oldrel-windows-x86_64

Version: 3.2.1
Check: LazyData
Result: NOTE 'LazyData' is specified without a 'data' directory Flavors: r-oldrel-macos-arm64, r-oldrel-macos-x86_64, r-oldrel-windows-x86_64

mirror server hosted at Truenetwork, Russian Federation.