Last updated on 2025-11-04 05:51:14 CET.
| Flavor | Version | Tinstall | Tcheck | Ttotal | Status | Flags | 
|---|---|---|---|---|---|---|
| r-devel-linux-x86_64-debian-clang | 0.3.0 | 9.39 | 87.10 | 96.49 | NOTE | |
| r-devel-linux-x86_64-debian-gcc | 0.3.0 | 7.33 | 65.69 | 73.02 | NOTE | |
| r-devel-linux-x86_64-fedora-clang | 0.3.0 | 34.00 | 116.75 | 150.75 | OK | |
| r-devel-linux-x86_64-fedora-gcc | 0.3.0 | 19.00 | 117.95 | 136.95 | OK | |
| r-devel-windows-x86_64 | 0.3.0 | 11.00 | 98.00 | 109.00 | OK | |
| r-patched-linux-x86_64 | 0.3.0 | 8.60 | 82.21 | 90.81 | OK | |
| r-release-linux-x86_64 | 0.3.0 | 8.73 | 82.75 | 91.48 | OK | |
| r-release-macos-arm64 | 0.3.0 | 8.00 | 57.00 | 65.00 | OK | |
| r-release-macos-x86_64 | 0.3.0 | 12.00 | 85.00 | 97.00 | OK | |
| r-release-windows-x86_64 | 0.3.0 | 10.00 | 95.00 | 105.00 | OK | |
| r-oldrel-macos-arm64 | 0.3.0 | 8.00 | 50.00 | 58.00 | OK | |
| r-oldrel-macos-x86_64 | 0.3.0 | 13.00 | 79.00 | 92.00 | OK | |
| r-oldrel-windows-x86_64 | 0.3.0 | 14.00 | 116.00 | 130.00 | OK | 
Version: 0.3.0
Check: CRAN incoming feasibility
Result: NOTE
  Maintainer: ‘Zihuai He <zihuai@stanford.edu>’
  
  No Authors@R field in DESCRIPTION.
  Please add one, modifying
    Authors@R: person(given = "Zihuai",
                      family = "He",
                      role = c("aut", "cre"),
                      email = "zihuai@stanford.edu")
  as necessary.
Flavors: r-devel-linux-x86_64-debian-clang, r-devel-linux-x86_64-debian-gcc