CRAN Package Check Results for Package KSD

Last updated on 2025-02-22 11:51:30 CET.

Flavor Version Tinstall Tcheck Ttotal Status Flags
r-devel-linux-x86_64-debian-clang 1.0.1 2.58 23.05 25.63 OK
r-devel-linux-x86_64-debian-gcc 1.0.1 1.87 17.97 19.84 OK
r-devel-linux-x86_64-fedora-clang 1.0.1 39.93 OK
r-devel-linux-x86_64-fedora-gcc 1.0.1 38.12 OK
r-devel-macos-arm64 1.0.1 15.00 OK
r-devel-macos-x86_64 1.0.1 25.00 OK
r-devel-windows-x86_64 1.0.1 4.00 54.00 58.00 OK
r-patched-linux-x86_64 1.0.1 2.32 21.50 23.82 NOTE
r-release-linux-x86_64 1.0.1 2.36 22.20 24.56 NOTE
r-release-macos-arm64 1.0.1 16.00 NOTE
r-release-macos-x86_64 1.0.1 26.00 NOTE
r-release-windows-x86_64 1.0.1 4.00 46.00 50.00 NOTE
r-oldrel-macos-arm64 1.0.1 15.00 NOTE
r-oldrel-macos-x86_64 1.0.1 23.00 NOTE
r-oldrel-windows-x86_64 1.0.1 4.00 48.00 52.00 NOTE

Check Details

Version: 1.0.1
Check: LazyData
Result: NOTE 'LazyData' is specified without a 'data' directory Flavors: r-patched-linux-x86_64, r-release-linux-x86_64, r-release-macos-arm64, r-release-macos-x86_64, r-release-windows-x86_64, r-oldrel-macos-arm64, r-oldrel-macos-x86_64, r-oldrel-windows-x86_64

mirror server hosted at Truenetwork, Russian Federation.