Last updated on 2025-11-04 05:51:14 CET.
| Flavor | Version | Tinstall | Tcheck | Ttotal | Status | Flags | 
|---|---|---|---|---|---|---|
| r-devel-linux-x86_64-debian-clang | 1.0.1 | 2.52 | 26.51 | 29.03 | NOTE | |
| r-devel-linux-x86_64-debian-gcc | 1.0.1 | 1.59 | 21.09 | 22.68 | NOTE | |
| r-devel-linux-x86_64-fedora-clang | 1.0.1 | 42.12 | OK | |||
| r-devel-linux-x86_64-fedora-gcc | 1.0.1 | 39.18 | OK | |||
| r-devel-windows-x86_64 | 1.0.1 | 3.00 | 47.00 | 50.00 | OK | |
| r-patched-linux-x86_64 | 1.0.1 | 2.52 | 23.96 | 26.48 | OK | |
| r-release-linux-x86_64 | 1.0.1 | 2.34 | 24.85 | 27.19 | OK | |
| r-release-macos-arm64 | 1.0.1 | 1.00 | 15.00 | 16.00 | OK | |
| r-release-macos-x86_64 | 1.0.1 | 2.00 | 25.00 | 27.00 | OK | |
| r-release-windows-x86_64 | 1.0.1 | 4.00 | 43.00 | 47.00 | OK | |
| r-oldrel-macos-arm64 | 1.0.1 | 1.00 | 15.00 | 16.00 | NOTE | |
| r-oldrel-macos-x86_64 | 1.0.1 | 2.00 | 24.00 | 26.00 | NOTE | |
| r-oldrel-windows-x86_64 | 1.0.1 | 5.00 | 52.00 | 57.00 | NOTE | 
Version: 1.0.1
Check: CRAN incoming feasibility
Result: NOTE
  Maintainer: ‘Min Hyung Kang <Minhyung.Daniel.Kang@gmail.com>’
  
  The Description field contains
    <arXiv:1602.03253>.
  Please refer to arXiv e-prints via their arXiv DOI <doi:10.48550/arXiv.YYMM.NNNNN>.
Flavors: r-devel-linux-x86_64-debian-clang, r-devel-linux-x86_64-debian-gcc
Version: 1.0.1
Check: LazyData
Result: NOTE
    'LazyData' is specified without a 'data' directory
Flavors: r-oldrel-macos-arm64, r-oldrel-macos-x86_64, r-oldrel-windows-x86_64