CRAN Package Check Results for Package KFPLS

Last updated on 2025-11-04 11:52:34 CET.

Flavor Version Tinstall Tcheck Ttotal Status Flags
r-devel-linux-x86_64-debian-clang 1.0 2.01 25.63 27.64 OK
r-devel-linux-x86_64-debian-gcc 1.0 1.60 20.46 22.06 OK
r-devel-linux-x86_64-fedora-clang 1.0 43.37 NOTE
r-devel-linux-x86_64-fedora-gcc 1.0 39.04 NOTE
r-devel-windows-x86_64 1.0 4.00 43.00 47.00 OK
r-patched-linux-x86_64 1.0 2.08 24.92 27.00 OK
r-release-linux-x86_64 1.0 1.77 24.57 26.34 OK
r-release-macos-arm64 1.0 1.00 18.00 19.00 OK
r-release-macos-x86_64 1.0 2.00 27.00 29.00 OK
r-release-windows-x86_64 1.0 3.00 42.00 45.00 OK
r-oldrel-macos-arm64 1.0 1.00 17.00 18.00 OK
r-oldrel-macos-x86_64 1.0 2.00 33.00 35.00 OK
r-oldrel-windows-x86_64 1.0 4.00 47.00 51.00 OK

Check Details

Version: 1.0
Check: dependencies in R code
Result: NOTE Namespace in Imports field not imported from: ‘splines’ All declared Imports should be used. Flavors: r-devel-linux-x86_64-fedora-clang, r-devel-linux-x86_64-fedora-gcc

mirror server hosted at Truenetwork, Russian Federation.