CRAN Package Check Results for Package JoF

Last updated on 2025-11-04 13:50:17 CET.

Flavor Version Tinstall Tcheck Ttotal Status Flags
r-devel-linux-x86_64-debian-clang 0.1.0 1.41 32.97 34.38 NOTE
r-devel-linux-x86_64-debian-gcc 0.1.0 1.69 25.87 27.56 NOTE
r-devel-linux-x86_64-fedora-clang 0.1.0 56.85 OK
r-devel-linux-x86_64-fedora-gcc 0.1.0 61.77 OK
r-devel-windows-x86_64 0.1.0 3.00 52.00 55.00 OK
r-patched-linux-x86_64 0.1.0 2.10 30.71 32.81 OK
r-release-linux-x86_64 0.1.0 2.14 31.08 33.22 OK
r-release-macos-arm64 0.1.0 1.00 35.00 36.00 OK
r-release-macos-x86_64 0.1.0 3.00 49.00 52.00 OK
r-release-windows-x86_64 0.1.0 3.00 56.00 59.00 OK
r-oldrel-macos-arm64 0.1.0 2.00 27.00 29.00 NOTE
r-oldrel-macos-x86_64 0.1.0 2.00 36.00 38.00 NOTE
r-oldrel-windows-x86_64 0.1.0 4.00 61.00 65.00 NOTE

Check Details

Version: 0.1.0
Check: CRAN incoming feasibility
Result: NOTE Maintainer: ‘Markus Burkhardt <markus.burkhardt@psychologie.tu-chemnitz.de>’ Found the following URLs which should use \doi (with the DOI name only): File ‘TODAM2.Rd’: https://doi.org/10.1006/jmps.2000.1339 Flavors: r-devel-linux-x86_64-debian-clang, r-devel-linux-x86_64-debian-gcc

Version: 0.1.0
Check: LazyData
Result: NOTE 'LazyData' is specified without a 'data' directory Flavors: r-oldrel-macos-arm64, r-oldrel-macos-x86_64, r-oldrel-windows-x86_64

mirror server hosted at Truenetwork, Russian Federation.