CRAN Package Check Results for Package JMI

Last updated on 2025-02-21 17:50:44 CET.

Flavor Version Tinstall Tcheck Ttotal Status Flags
r-devel-linux-x86_64-debian-clang 0.1.0 23.24 21.18 44.42 OK
r-devel-linux-x86_64-debian-gcc 0.1.0 14.43 17.03 31.46 OK
r-devel-linux-x86_64-fedora-clang 0.1.0 79.51 OK
r-devel-linux-x86_64-fedora-gcc 0.1.0 75.71 OK
r-devel-macos-arm64 0.1.0 23.00 OK
r-devel-macos-x86_64 0.1.0 55.00 OK
r-devel-windows-x86_64 0.1.0 23.00 61.00 84.00 OK
r-patched-linux-x86_64 0.1.0 21.11 20.34 41.45 NOTE
r-release-linux-x86_64 0.1.0 21.89 20.46 42.35 NOTE
r-release-macos-arm64 0.1.0 23.00 NOTE
r-release-macos-x86_64 0.1.0 41.00 NOTE
r-release-windows-x86_64 0.1.0 24.00 63.00 87.00 NOTE
r-oldrel-macos-arm64 0.1.0 27.00 NOTE
r-oldrel-macos-x86_64 0.1.0 40.00 NOTE
r-oldrel-windows-x86_64 0.1.0 29.00 65.00 94.00 NOTE

Check Details

Version: 0.1.0
Check: LazyData
Result: NOTE 'LazyData' is specified without a 'data' directory Flavors: r-patched-linux-x86_64, r-release-linux-x86_64, r-release-macos-arm64, r-release-macos-x86_64, r-release-windows-x86_64, r-oldrel-macos-arm64, r-oldrel-macos-x86_64, r-oldrel-windows-x86_64

mirror server hosted at Truenetwork, Russian Federation.