Last updated on 2025-11-04 11:52:33 CET.
| Flavor | Version | Tinstall | Tcheck | Ttotal | Status | Flags | 
|---|---|---|---|---|---|---|
| r-devel-linux-x86_64-debian-clang | 1.5-2 | 25.99 | 128.12 | 154.11 | NOTE | |
| r-devel-linux-x86_64-debian-gcc | 1.5-2 | 16.84 | 82.36 | 99.20 | NOTE | |
| r-devel-linux-x86_64-fedora-clang | 1.5-2 | 119.00 | 143.56 | 262.56 | OK | |
| r-devel-linux-x86_64-fedora-gcc | 1.5-2 | 56.00 | 168.64 | 224.64 | OK | |
| r-devel-windows-x86_64 | 1.5-2 | 24.00 | 121.00 | 145.00 | OK | |
| r-patched-linux-x86_64 | 1.5-2 | 23.83 | 120.11 | 143.94 | OK | |
| r-release-linux-x86_64 | 1.5-2 | 22.40 | 119.76 | 142.16 | OK | |
| r-release-macos-arm64 | 1.5-2 | 10.00 | 48.00 | 58.00 | OK | |
| r-release-macos-x86_64 | 1.5-2 | 20.00 | 107.00 | 127.00 | OK | |
| r-release-windows-x86_64 | 1.5-2 | 23.00 | 119.00 | 142.00 | OK | |
| r-oldrel-macos-arm64 | 1.5-2 | 9.00 | 45.00 | 54.00 | OK | |
| r-oldrel-macos-x86_64 | 1.5-2 | 17.00 | 83.00 | 100.00 | OK | |
| r-oldrel-windows-x86_64 | 1.5-2 | 32.00 | 152.00 | 184.00 | OK | 
Version: 1.5-2
Check: CRAN incoming feasibility
Result: NOTE
  Maintainer: ‘Dimitris Rizopoulos <d.rizopoulos@erasmusmc.nl>’
  
  No Authors@R field in DESCRIPTION.
  Please add one, modifying
    Authors@R: person(given = "Dimitris",
                      family = "Rizopoulos",
                      role = c("aut", "cre"),
                      email = "d.rizopoulos@erasmusmc.nl")
  as necessary.
  
  Package CITATION file contains call(s) to old-style personList() or
  as.personList().  Please use c() on person objects instead.
  Package CITATION file contains call(s) to old-style citEntry().  Please
  use bibentry() instead.
Flavors: r-devel-linux-x86_64-debian-clang, r-devel-linux-x86_64-debian-gcc