Last updated on 2025-02-21 17:50:44 CET.
Flavor | Version | Tinstall | Tcheck | Ttotal | Status | Flags |
---|---|---|---|---|---|---|
r-devel-linux-x86_64-debian-clang | 1.0 | 26.16 | 60.76 | 86.92 | NOTE | |
r-devel-linux-x86_64-debian-gcc | 1.0 | 20.03 | 51.13 | 71.16 | NOTE | |
r-devel-linux-x86_64-fedora-clang | 1.0 | 150.43 | NOTE | |||
r-devel-linux-x86_64-fedora-gcc | 1.0 | 150.06 | NOTE | |||
r-devel-macos-arm64 | 1.0 | 43.00 | NOTE | |||
r-devel-macos-x86_64 | 1.0 | 103.00 | NOTE | |||
r-devel-windows-x86_64 | 1.0 | 30.00 | 108.00 | 138.00 | NOTE | |
r-patched-linux-x86_64 | 1.0 | 26.92 | 58.88 | 85.80 | NOTE | |
r-release-linux-x86_64 | 1.0 | 24.05 | 58.66 | 82.71 | NOTE | |
r-release-macos-arm64 | 1.0 | 41.00 | NOTE | |||
r-release-macos-x86_64 | 1.0 | 87.00 | NOTE | |||
r-release-windows-x86_64 | 1.0 | 32.00 | 102.00 | 134.00 | NOTE | |
r-oldrel-macos-arm64 | 1.0 | 42.00 | NOTE | |||
r-oldrel-macos-x86_64 | 1.0 | 63.00 | NOTE | |||
r-oldrel-windows-x86_64 | 1.0 | 38.00 | 126.00 | 164.00 | NOTE |
Version: 1.0
Check: C++ specification
Result: NOTE
Specified C++11: please drop specification unless essential
Flavors: r-devel-linux-x86_64-debian-clang, r-devel-linux-x86_64-debian-gcc, r-devel-linux-x86_64-fedora-clang, r-devel-linux-x86_64-fedora-gcc, r-devel-macos-arm64, r-devel-macos-x86_64, r-devel-windows-x86_64, r-patched-linux-x86_64, r-release-linux-x86_64, r-release-macos-arm64, r-release-macos-x86_64, r-release-windows-x86_64, r-oldrel-macos-arm64, r-oldrel-macos-x86_64, r-oldrel-windows-x86_64
Version: 1.0
Check: installed package size
Result: NOTE
installed size is 7.4Mb
sub-directories of 1Mb or more:
extdata 5.5Mb
libs 1.7Mb
Flavors: r-release-macos-arm64, r-release-macos-x86_64, r-release-windows-x86_64, r-oldrel-macos-arm64, r-oldrel-macos-x86_64, r-oldrel-windows-x86_64