CRAN Package Check Results for Package JCRImpactFactor

Last updated on 2025-05-22 18:52:09 CEST.

Flavor Version Tinstall Tcheck Ttotal Status Flags
r-devel-linux-x86_64-debian-clang 1.0.0 2.51 23.43 25.94 NOTE
r-devel-linux-x86_64-debian-gcc 1.0.0 2.35 18.57 20.92 NOTE
r-devel-linux-x86_64-fedora-clang 1.0.0 41.43 OK
r-devel-linux-x86_64-fedora-gcc 1.0.0 40.97 OK
r-devel-windows-x86_64 1.0.0 5.00 58.00 63.00 OK
r-patched-linux-x86_64 1.0.0 2.98 22.57 25.55 OK
r-release-linux-x86_64 1.0.0 2.72 22.64 25.36 OK
r-release-macos-arm64 1.0.0 20.00 OK
r-release-macos-x86_64 1.0.0 29.00 OK
r-release-windows-x86_64 1.0.0 4.00 70.00 74.00 OK
r-oldrel-macos-arm64 1.0.0 19.00 OK
r-oldrel-macos-x86_64 1.0.0 24.00 OK
r-oldrel-windows-x86_64 1.0.0 6.00 49.00 55.00 OK

Check Details

Version: 1.0.0
Check: CRAN incoming feasibility
Result: NOTE Maintainer: ‘Shahla Faisal <shahla_ramzan@yahoo.com>’ No Authors@R field in DESCRIPTION. Please add one, modifying Authors@R: person(given = "Shahla", family = "Faisal", role = c("aut", "cre"), email = "shahla_ramzan@yahoo.com") as necessary. Flavors: r-devel-linux-x86_64-debian-clang, r-devel-linux-x86_64-debian-gcc

mirror server hosted at Truenetwork, Russian Federation.