Last updated on 2025-02-21 17:50:44 CET.
Flavor | Version | Tinstall | Tcheck | Ttotal | Status | Flags |
---|---|---|---|---|---|---|
r-devel-linux-x86_64-debian-clang | 0.2.1 | 121.71 | 164.92 | 286.63 | OK | |
r-devel-linux-x86_64-debian-gcc | 0.2.1 | 85.41 | 107.82 | 193.23 | OK | |
r-devel-linux-x86_64-fedora-clang | 0.2.1 | 469.65 | OK | |||
r-devel-linux-x86_64-fedora-gcc | 0.2.1 | 432.20 | OK | |||
r-devel-macos-arm64 | 0.2.1 | 117.00 | OK | |||
r-devel-macos-x86_64 | 0.2.1 | 196.00 | OK | |||
r-devel-windows-x86_64 | 0.2.1 | 118.00 | 185.00 | 303.00 | OK | |
r-patched-linux-x86_64 | 0.2.1 | 114.45 | 135.08 | 249.53 | OK | |
r-release-linux-x86_64 | 0.2.1 | 109.47 | 138.36 | 247.83 | OK | |
r-release-macos-arm64 | 0.2.1 | 102.00 | NOTE | |||
r-release-macos-x86_64 | 0.2.1 | 203.00 | NOTE | |||
r-release-windows-x86_64 | 0.2.1 | 118.00 | 200.00 | 318.00 | OK | |
r-oldrel-macos-arm64 | 0.2.1 | 109.00 | NOTE | |||
r-oldrel-macos-x86_64 | 0.2.1 | 190.00 | NOTE | |||
r-oldrel-windows-x86_64 | 0.2.1 | 140.00 | 211.00 | 351.00 | OK |
Version: 0.2.1
Check: installed package size
Result: NOTE
installed size is 7.3Mb
sub-directories of 1Mb or more:
libs 7.1Mb
Flavors: r-release-macos-arm64, r-release-macos-x86_64, r-oldrel-macos-arm64, r-oldrel-macos-x86_64