CRAN Package Check Results for Package IsoSpecR

Last updated on 2025-02-22 05:51:38 CET.

Flavor Version Tinstall Tcheck Ttotal Status Flags
r-devel-linux-x86_64-debian-clang 2.1.3 22.61 24.07 46.68 NOTE
r-devel-linux-x86_64-debian-gcc 2.1.3 18.10 19.36 37.46 NOTE
r-devel-linux-x86_64-fedora-clang 2.1.3 97.56 NOTE
r-devel-linux-x86_64-fedora-gcc 2.1.3 82.27 NOTE
r-devel-macos-arm64 2.1.3 25.00 NOTE
r-devel-macos-x86_64 2.1.3 35.00 NOTE
r-devel-windows-x86_64 2.1.3 33.00 63.00 96.00 NOTE
r-patched-linux-x86_64 2.1.3 24.45 23.03 47.48 NOTE
r-release-linux-x86_64 2.1.3 23.55 22.94 46.49 NOTE
r-release-macos-arm64 2.1.3 25.00 NOTE
r-release-macos-x86_64 2.1.3 31.00 NOTE
r-release-windows-x86_64 2.1.3 32.00 61.00 93.00 NOTE
r-oldrel-macos-arm64 2.1.3 29.00 NOTE
r-oldrel-macos-x86_64 2.1.3 45.00 NOTE
r-oldrel-windows-x86_64 2.1.3 33.00 70.00 103.00 NOTE

Check Details

Version: 2.1.3
Check: C++ specification
Result: NOTE Specified C++14: please drop specification unless essential Flavors: r-devel-linux-x86_64-debian-clang, r-devel-linux-x86_64-debian-gcc, r-devel-linux-x86_64-fedora-clang, r-devel-linux-x86_64-fedora-gcc, r-devel-macos-arm64, r-devel-macos-x86_64, r-devel-windows-x86_64, r-patched-linux-x86_64, r-release-linux-x86_64, r-release-macos-arm64, r-release-macos-x86_64, r-release-windows-x86_64, r-oldrel-macos-arm64, r-oldrel-macos-x86_64, r-oldrel-windows-x86_64

mirror server hosted at Truenetwork, Russian Federation.