Last updated on 2025-02-22 05:51:38 CET.
Flavor | Version | Tinstall | Tcheck | Ttotal | Status | Flags |
---|---|---|---|---|---|---|
r-devel-linux-x86_64-debian-clang | 1.1.9 | 15.82 | 42.18 | 58.00 | NOTE | |
r-devel-linux-x86_64-debian-gcc | 1.1.9 | 10.75 | 30.30 | 41.05 | NOTE | |
r-devel-linux-x86_64-fedora-clang | 1.1.9 | 96.39 | NOTE | |||
r-devel-linux-x86_64-fedora-gcc | 1.1.9 | 92.48 | NOTE | |||
r-devel-macos-arm64 | 1.1.9 | 34.00 | OK | |||
r-devel-macos-x86_64 | 1.1.9 | 56.00 | OK | |||
r-devel-windows-x86_64 | 1.1.9 | 19.00 | 83.00 | 102.00 | OK | |
r-patched-linux-x86_64 | 1.1.9 | 14.16 | 39.91 | 54.07 | NOTE | |
r-release-linux-x86_64 | 1.1.9 | 13.20 | 39.63 | 52.83 | NOTE | |
r-release-macos-arm64 | 1.1.9 | 34.00 | OK | |||
r-release-macos-x86_64 | 1.1.9 | 44.00 | OK | |||
r-release-windows-x86_64 | 1.1.9 | 18.00 | 86.00 | 104.00 | OK | |
r-oldrel-macos-arm64 | 1.1.9 | 38.00 | OK | |||
r-oldrel-macos-x86_64 | 1.1.9 | 46.00 | OK | |||
r-oldrel-windows-x86_64 | 1.1.9 | 22.00 | 98.00 | 120.00 | OK |
Version: 1.1.9
Check: for non-standard things in the check directory
Result: NOTE
Found the following files/directories:
‘Error_Estimation_Response_1.tiff’ ‘Error_Estimation_Response_2.tiff’
‘Error_Estimation_Response_3.tiff’
Flavors: r-devel-linux-x86_64-debian-clang, r-devel-linux-x86_64-debian-gcc, r-devel-linux-x86_64-fedora-clang, r-devel-linux-x86_64-fedora-gcc, r-patched-linux-x86_64, r-release-linux-x86_64