Last updated on 2025-02-21 17:50:44 CET.
Flavor | Version | Tinstall | Tcheck | Ttotal | Status | Flags |
---|---|---|---|---|---|---|
r-devel-linux-x86_64-debian-clang | 1.1.4.4 | 86.49 | 78.27 | 164.76 | NOTE | |
r-devel-linux-x86_64-debian-gcc | 1.1.4.4 | 55.42 | 52.71 | 108.13 | NOTE | |
r-devel-linux-x86_64-fedora-clang | 1.1.4.4 | 286.06 | NOTE | |||
r-devel-linux-x86_64-fedora-gcc | 1.1.4.4 | 287.06 | NOTE | |||
r-devel-macos-arm64 | 1.1.4.4 | 75.00 | NOTE | |||
r-devel-macos-x86_64 | 1.1.4.4 | 118.00 | NOTE | |||
r-devel-windows-x86_64 | 1.1.4.4 | 86.00 | 116.00 | 202.00 | NOTE | |
r-patched-linux-x86_64 | 1.1.4.4 | 82.07 | 70.93 | 153.00 | NOTE | |
r-release-linux-x86_64 | 1.1.4.4 | 73.97 | 70.71 | 144.68 | NOTE | |
r-release-macos-arm64 | 1.1.4.4 | 44.00 | NOTE | |||
r-release-macos-x86_64 | 1.1.4.4 | 66.00 | NOTE | |||
r-release-windows-x86_64 | 1.1.4.4 | 86.00 | 108.00 | 194.00 | NOTE | |
r-oldrel-macos-arm64 | 1.1.4.4 | 84.00 | NOTE | |||
r-oldrel-macos-x86_64 | 1.1.4.4 | 130.00 | NOTE | |||
r-oldrel-windows-x86_64 | 1.1.4.4 | 105.00 | 154.00 | 259.00 | NOTE |
Version: 1.1.4.4
Check: C++ specification
Result: NOTE
Specified C++11: please drop specification unless essential
Flavors: r-devel-linux-x86_64-debian-clang, r-devel-linux-x86_64-debian-gcc, r-devel-linux-x86_64-fedora-clang, r-devel-linux-x86_64-fedora-gcc, r-devel-macos-arm64, r-devel-macos-x86_64, r-devel-windows-x86_64, r-patched-linux-x86_64, r-release-linux-x86_64, r-release-macos-arm64, r-release-macos-x86_64, r-release-windows-x86_64, r-oldrel-macos-arm64, r-oldrel-macos-x86_64, r-oldrel-windows-x86_64
Version: 1.1.4.4
Check: for GNU extensions in Makefiles
Result: NOTE
GNU make is a SystemRequirements.
Flavors: r-patched-linux-x86_64, r-release-linux-x86_64, r-release-macos-arm64, r-release-macos-x86_64, r-release-windows-x86_64, r-oldrel-macos-arm64, r-oldrel-macos-x86_64, r-oldrel-windows-x86_64
Version: 1.1.4.4
Check: installed package size
Result: NOTE
installed size is 7.8Mb
sub-directories of 1Mb or more:
libs 6.0Mb
Flavors: r-release-macos-arm64, r-release-macos-x86_64, r-oldrel-macos-arm64, r-oldrel-macos-x86_64