CRAN Package Check Results for Package InPosition

Last updated on 2025-04-17 00:49:50 CEST.

Flavor Version Tinstall Tcheck Ttotal Status Flags
r-devel-linux-x86_64-debian-clang 0.12.7.1 0.72 1.76 2.48 ERROR
r-devel-linux-x86_64-debian-gcc 1.0.0 2.03 20.68 22.71 OK
r-devel-linux-x86_64-fedora-clang 1.0.0 47.10 OK
r-devel-linux-x86_64-fedora-gcc 1.0.0 47.42 OK
r-devel-windows-x86_64 0.12.7.1 1.00 4.00 5.00 ERROR
r-patched-linux-x86_64 1.0.0 2.60 26.33 28.93 OK
r-release-linux-x86_64 0.12.7.1 2.68 27.71 30.39 NOTE
r-release-macos-arm64 1.0.0 27.00 OK
r-release-macos-x86_64 1.0.0 29.00 OK
r-release-windows-x86_64 1.0.0 5.00 77.00 82.00 OK
r-oldrel-macos-arm64 1.0.0 23.00 OK
r-oldrel-macos-x86_64 1.0.0 36.00 OK
r-oldrel-windows-x86_64 1.0.0 6.00 66.00 72.00 OK

Check Details

Version: 0.12.7.1
Check: whether package can be installed
Result: ERROR Installation failed. Flavors: r-devel-linux-x86_64-debian-clang, r-devel-windows-x86_64

Version: 0.12.7.1
Check: Rd cross-references
Result: NOTE Found the following Rd file(s) with Rd \link{} targets missing package anchors: InPosition-package.Rd: ExPosition boot.compute.fj.Rd: ExPosition, epPCA, epMCA, supplementaryCols contingency.data.break.Rd: epCA epCA.inference.battery.Rd: epGraphs, epCA, coreCA, epMCA epGPCA.inference.battery.Rd: expo.scale, epGraphs, epGPCA, corePCA, epPCA epMCA.inference.battery.Rd: epGraphs, epMCA, coreCA, epCA epPCA.inference.battery.Rd: expo.scale, epGraphs, epPCA, corePCA, epGPCA inGraphs.Rd: prettyGraphs, createColorVectorsByDesign, prettyPlot, epGraphs Please provide package anchors for all Rd \link{} targets not in the package itself and the base packages. Flavor: r-release-linux-x86_64

mirror server hosted at Truenetwork, Russian Federation.