Last updated on 2025-02-22 05:51:38 CET.
Flavor | Version | Tinstall | Tcheck | Ttotal | Status | Flags |
---|---|---|---|---|---|---|
r-devel-linux-x86_64-debian-clang | 0.0.4 | 0.56 | 2.00 | 2.56 | ERROR | |
r-devel-linux-x86_64-debian-gcc | 0.0.4 | 22.45 | 177.52 | 199.97 | OK | |
r-devel-linux-x86_64-fedora-clang | 0.0.4 | 467.84 | OK | |||
r-devel-linux-x86_64-fedora-gcc | 0.0.4 | 479.61 | OK | |||
r-devel-macos-arm64 | 0.0.4 | 130.00 | OK | |||
r-devel-macos-x86_64 | 0.0.4 | 249.00 | OK | |||
r-devel-windows-x86_64 | 0.0.4 | 27.00 | 213.00 | 240.00 | OK | |
r-patched-linux-x86_64 | 0.0.4 | 24.93 | 231.89 | 256.82 | OK | |
r-release-linux-x86_64 | 0.0.4 | 24.45 | 228.96 | 253.41 | OK | |
r-release-macos-arm64 | 0.0.4 | 126.00 | OK | |||
r-release-macos-x86_64 | 0.0.4 | 204.00 | OK | |||
r-release-windows-x86_64 | 0.0.4 | 27.00 | 208.00 | 235.00 | OK | |
r-oldrel-macos-arm64 | 0.0.4 | 128.00 | OK | |||
r-oldrel-macos-x86_64 | 0.0.4 | 281.00 | OK | |||
r-oldrel-windows-x86_64 | 0.0.4 | 28.00 | 261.00 | 289.00 | OK |
Version: 0.0.4
Check: package dependencies
Result: ERROR
Package required but not available: ‘rstanarm’
See section ‘The DESCRIPTION file’ in the ‘Writing R Extensions’
manual.
Flavor: r-devel-linux-x86_64-debian-clang