Last updated on 2025-11-03 17:49:52 CET.
| Flavor | Version | Tinstall | Tcheck | Ttotal | Status | Flags |
|---|---|---|---|---|---|---|
| r-devel-linux-x86_64-debian-clang | 1.2 | 8.90 | 73.28 | 82.18 | NOTE | |
| r-devel-linux-x86_64-debian-gcc | 1.2 | 6.86 | 53.84 | 60.70 | NOTE | |
| r-devel-linux-x86_64-fedora-clang | 1.2 | 36.00 | 96.62 | 132.62 | OK | |
| r-devel-linux-x86_64-fedora-gcc | 1.2 | 21.00 | 102.46 | 123.46 | OK | |
| r-devel-windows-x86_64 | 1.2 | 12.00 | 78.00 | 90.00 | OK | |
| r-patched-linux-x86_64 | 1.2 | 9.15 | 69.53 | 78.68 | OK | |
| r-release-linux-x86_64 | 1.2 | 9.50 | 69.16 | 78.66 | OK | |
| r-release-macos-arm64 | 1.2 | 4.00 | 40.00 | 44.00 | OK | |
| r-release-macos-x86_64 | 1.2 | 9.00 | 74.00 | 83.00 | OK | |
| r-release-windows-x86_64 | 1.2 | 9.00 | 77.00 | 86.00 | OK | |
| r-oldrel-macos-arm64 | 1.2 | 3.00 | 30.00 | 33.00 | NOTE | |
| r-oldrel-macos-x86_64 | 1.2 | 6.00 | 44.00 | 50.00 | NOTE | |
| r-oldrel-windows-x86_64 | 1.2 | 14.00 | 100.00 | 114.00 | NOTE |
Version: 1.2
Check: CRAN incoming feasibility
Result: NOTE
Maintainer: ‘W. Kyle Hamilton <kyle.hamilton@gmail.com>’
No Authors@R field in DESCRIPTION.
Please add one, modifying
Authors@R: c(person(given = c("W.", "Kyle"),
family = "Hamilton",
role = c("aut", "cre"),
email = "kyle.hamilton@gmail.com"),
person(given = "Atsushi",
family = "Mizumoto",
role = "aut",
email = "atsushi@mizumot.com"))
as necessary.
Flavors: r-devel-linux-x86_64-debian-clang, r-devel-linux-x86_64-debian-gcc
Version: 1.2
Check: LazyData
Result: NOTE
'LazyData' is specified without a 'data' directory
Flavors: r-oldrel-macos-arm64, r-oldrel-macos-x86_64, r-oldrel-windows-x86_64