Last updated on 2025-05-22 18:52:08 CEST.
Flavor | Version | Tinstall | Tcheck | Ttotal | Status | Flags |
---|---|---|---|---|---|---|
r-devel-linux-x86_64-debian-clang | 24.3.25 | 21.12 | 119.66 | 140.78 | OK | |
r-devel-linux-x86_64-debian-gcc | 24.3.25 | 13.30 | 82.19 | 95.49 | OK | |
r-devel-linux-x86_64-fedora-clang | 24.3.25 | 226.73 | OK | |||
r-devel-linux-x86_64-fedora-gcc | 24.3.25 | 226.48 | OK | |||
r-devel-windows-x86_64 | 24.3.25 | 19.00 | 116.00 | 135.00 | OK | |
r-patched-linux-x86_64 | 24.3.25 | 20.04 | 112.08 | 132.12 | OK | |
r-release-linux-x86_64 | 24.3.25 | 18.48 | 112.31 | 130.79 | OK | |
r-release-macos-arm64 | 24.3.25 | 76.00 | OK | |||
r-release-macos-x86_64 | 24.3.25 | 110.00 | OK | |||
r-release-windows-x86_64 | 24.3.25 | 19.00 | 115.00 | 134.00 | OK | |
r-oldrel-macos-arm64 | 24.3.25 | 63.00 | NOTE | |||
r-oldrel-macos-x86_64 | 24.3.25 | 88.00 | NOTE | |||
r-oldrel-windows-x86_64 | 24.3.25 | 27.00 | 145.00 | 172.00 | OK |
Version: 24.3.25
Check: package dependencies
Result: NOTE
Package suggested but not available for checking: ‘INLA’
Flavor: r-oldrel-macos-arm64
Version: 24.3.25
Check: package dependencies
Result: NOTE
Packages suggested but not available for checking: 'INLA', 'frailtypack'
Flavor: r-oldrel-macos-x86_64