Last updated on 2025-11-28 12:48:40 CET.
| Flavor | Version | Tinstall | Tcheck | Ttotal | Status | Flags |
|---|---|---|---|---|---|---|
| r-devel-linux-x86_64-debian-clang | 1.2 | 10.63 | 54.63 | 65.26 | OK | |
| r-devel-linux-x86_64-debian-gcc | 1.2 | 6.15 | 38.33 | 44.48 | ERROR | |
| r-devel-linux-x86_64-fedora-clang | 1.2 | 27.00 | 72.08 | 99.08 | OK | |
| r-devel-linux-x86_64-fedora-gcc | 1.2 | 35.00 | 65.45 | 100.45 | OK | |
| r-devel-windows-x86_64 | 1.2 | 23.00 | 66.00 | 89.00 | OK | |
| r-patched-linux-x86_64 | 1.2 | 8.82 | 51.53 | 60.35 | OK | |
| r-release-linux-x86_64 | 1.2 | 9.21 | 52.17 | 61.38 | OK | |
| r-release-macos-arm64 | 1.2 | OK | ||||
| r-release-macos-x86_64 | 1.2 | 9.00 | 49.00 | 58.00 | OK | |
| r-release-windows-x86_64 | 1.2 | 10.00 | 80.00 | 90.00 | OK | |
| r-oldrel-macos-arm64 | 1.2 | OK | ||||
| r-oldrel-macos-x86_64 | 1.2 | 6.00 | 41.00 | 47.00 | OK | |
| r-oldrel-windows-x86_64 | 1.2 | 14.00 | 80.00 | 94.00 | OK |
Version: 1.2
Check: examples
Result: ERROR
Running examples in ‘IDSL.CSA-Ex.R’ failed
The error most likely occurred in:
> base::assign(".ptime", proc.time(), pos = "CheckExEnv")
> ### Name: DDA_workflow
> ### Title: DDA Workflow
> ### Aliases: DDA_workflow
>
> ### ** Examples
>
> s_path <- system.file("extdata", package = "IDSL.CSA")
> SSh1 <- paste0(s_path,"/CSA_parameters.xlsx")
> ## To see the results, use a known folder instead of the `tempdir()` command
> temp_wd <- tempdir()
> temp_wd_zip <- paste0(temp_wd, "/idsl_dda_test_files.zip")
> spreadsheet <- readxl::read_xlsx(SSh1, sheet = "DDA")
> PARAM_DDA <- cbind(spreadsheet[, 2], spreadsheet[, 4])
> download.file(paste0("https://github.com/idslme/IDSL.CSA/blob/main/",
+ "CSA_educational_files/idsl_dda_test_files.zip?raw=true"),
+ destfile = temp_wd_zip, mode = "wb")
trying URL 'https://github.com/idslme/IDSL.CSA/blob/main/CSA_educational_files/idsl_dda_test_files.zip?raw=true'
Warning in download.file(paste0("https://github.com/idslme/IDSL.CSA/blob/main/", :
URL 'https://github.com/idslme/IDSL.CSA/blob/main/CSA_educational_files/idsl_dda_test_files.zip?raw=true': Timeout of 60 seconds was reached
Error in download.file(paste0("https://github.com/idslme/IDSL.CSA/blob/main/", :
cannot open URL 'https://github.com/idslme/IDSL.CSA/blob/main/CSA_educational_files/idsl_dda_test_files.zip?raw=true'
Execution halted
Flavor: r-devel-linux-x86_64-debian-gcc