Last updated on 2025-11-04 11:52:33 CET.
| Flavor | Version | Tinstall | Tcheck | Ttotal | Status | Flags | 
|---|---|---|---|---|---|---|
| r-devel-linux-x86_64-debian-clang | 0.5.1 | 8.87 | 87.53 | 96.40 | NOTE | |
| r-devel-linux-x86_64-debian-gcc | 0.5.1 | 6.01 | 60.77 | 66.78 | NOTE | |
| r-devel-linux-x86_64-fedora-clang | 0.5.1 | 39.00 | 111.36 | 150.36 | OK | |
| r-devel-linux-x86_64-fedora-gcc | 0.5.1 | 17.00 | 117.52 | 134.52 | OK | |
| r-devel-windows-x86_64 | 0.5.1 | 10.00 | 88.00 | 98.00 | OK | |
| r-patched-linux-x86_64 | 0.5.1 | 7.66 | 79.46 | 87.12 | OK | |
| r-release-linux-x86_64 | 0.5.1 | 7.81 | 81.30 | 89.11 | OK | |
| r-release-macos-arm64 | 0.5.1 | 4.00 | 46.00 | 50.00 | OK | |
| r-release-macos-x86_64 | 0.5.1 | 11.00 | 70.00 | 81.00 | OK | |
| r-release-windows-x86_64 | 0.5.1 | 10.00 | 84.00 | 94.00 | OK | |
| r-oldrel-macos-arm64 | 0.5.1 | 4.00 | 38.00 | 42.00 | NOTE | |
| r-oldrel-macos-x86_64 | 0.5.1 | 6.00 | 56.00 | 62.00 | NOTE | |
| r-oldrel-windows-x86_64 | 0.5.1 | 14.00 | 112.00 | 126.00 | NOTE | 
Version: 0.5.1
Check: CRAN incoming feasibility
Result: NOTE
  Maintainer: ‘Weichi Yao <wy635@stern.nyu.edu>’
  
  The Description field contains
    <arXiv:1901.04599>.
  Please refer to arXiv e-prints via their arXiv DOI <doi:10.48550/arXiv.YYMM.NNNNN>.
Flavors: r-devel-linux-x86_64-debian-clang, r-devel-linux-x86_64-debian-gcc
Version: 0.5.1
Check: LazyData
Result: NOTE
    'LazyData' is specified without a 'data' directory
Flavors: r-oldrel-macos-arm64, r-oldrel-macos-x86_64, r-oldrel-windows-x86_64