CRAN Package Check Results for Package ICSKAT

Last updated on 2025-04-14 18:50:21 CEST.

Flavor Version Tinstall Tcheck Ttotal Status Flags
r-devel-linux-x86_64-debian-clang 0.2.0 23.08 87.99 111.07 NOTE
r-devel-linux-x86_64-debian-gcc 0.2.0 16.07 59.71 75.78 NOTE
r-devel-linux-x86_64-fedora-clang 0.2.0 181.23 NOTE
r-devel-linux-x86_64-fedora-gcc 0.2.0 182.02 NOTE
r-devel-windows-x86_64 0.2.0 28.00 109.00 137.00 NOTE
r-patched-linux-x86_64 0.2.0 24.59 81.72 106.31 NOTE
r-release-linux-x86_64 0.2.0 22.93 80.56 103.49 NOTE
r-release-macos-arm64 0.2.0 81.00 NOTE
r-release-macos-x86_64 0.2.0 97.00 NOTE
r-release-windows-x86_64 0.2.0 32.00 138.00 170.00 NOTE
r-oldrel-macos-arm64 0.2.0 56.00 NOTE
r-oldrel-macos-x86_64 0.2.0 82.00 NOTE
r-oldrel-windows-x86_64 0.2.0 32.00 138.00 170.00 NOTE

Check Details

Version: 0.2.0
Check: C++ specification
Result: NOTE Specified C++11: please drop specification unless essential Flavors: r-devel-linux-x86_64-debian-clang, r-devel-linux-x86_64-debian-gcc, r-devel-linux-x86_64-fedora-clang, r-devel-linux-x86_64-fedora-gcc, r-devel-windows-x86_64, r-patched-linux-x86_64, r-release-linux-x86_64, r-release-macos-arm64, r-release-macos-x86_64, r-release-windows-x86_64, r-oldrel-macos-arm64, r-oldrel-macos-x86_64, r-oldrel-windows-x86_64

mirror server hosted at Truenetwork, Russian Federation.