CRAN Package Check Results for Package ICSKAT

Last updated on 2025-07-16 00:49:44 CEST.

Flavor Version Tinstall Tcheck Ttotal Status Flags
r-devel-linux-x86_64-debian-clang 0.2.0 24.18 84.68 108.86 NOTE
r-devel-linux-x86_64-debian-gcc 0.2.0 16.81 62.56 79.37 NOTE
r-devel-linux-x86_64-fedora-clang 0.2.0 193.13 NOTE
r-devel-linux-x86_64-fedora-gcc 0.2.0 192.35 NOTE
r-devel-windows-x86_64 0.2.0 28.00 112.00 140.00 NOTE
r-patched-linux-x86_64 0.2.0 23.08 81.98 105.06 NOTE
r-release-linux-x86_64 0.2.0 21.61 80.34 101.95 NOTE
r-release-macos-arm64 0.2.0 81.00 NOTE
r-release-macos-x86_64 0.2.0 97.00 NOTE
r-release-windows-x86_64 0.2.0 30.00 126.00 156.00 NOTE
r-oldrel-macos-arm64 0.2.0 56.00 NOTE
r-oldrel-macos-x86_64 0.2.0 82.00 NOTE
r-oldrel-windows-x86_64 0.2.0 33.00 136.00 169.00 NOTE

Check Details

Version: 0.2.0
Check: C++ specification
Result: NOTE Specified C++11: please drop specification unless essential Flavors: r-devel-linux-x86_64-debian-clang, r-devel-linux-x86_64-debian-gcc, r-devel-linux-x86_64-fedora-clang, r-devel-linux-x86_64-fedora-gcc, r-devel-windows-x86_64, r-patched-linux-x86_64, r-release-linux-x86_64, r-release-macos-arm64, r-release-macos-x86_64, r-release-windows-x86_64, r-oldrel-macos-arm64, r-oldrel-macos-x86_64, r-oldrel-windows-x86_64

mirror server hosted at Truenetwork, Russian Federation.