Last updated on 2025-11-04 05:51:13 CET.
| Flavor | Version | Tinstall | Tcheck | Ttotal | Status | Flags | 
|---|---|---|---|---|---|---|
| r-devel-linux-x86_64-debian-clang | 1.0.8 | 58.98 | 146.88 | 205.86 | OK | |
| r-devel-linux-x86_64-debian-gcc | 1.0.8 | 38.11 | 97.50 | 135.61 | OK | |
| r-devel-linux-x86_64-fedora-clang | 1.0.8 | 293.00 | 47.63 | 340.63 | OK | |
| r-devel-linux-x86_64-fedora-gcc | 1.0.8 | 116.00 | 184.39 | 300.39 | OK | |
| r-devel-windows-x86_64 | 1.0.8 | 60.00 | 174.00 | 234.00 | OK | |
| r-patched-linux-x86_64 | 1.0.8 | 55.00 | 133.94 | 188.94 | OK | |
| r-release-linux-x86_64 | 1.0.8 | 56.57 | 133.72 | 190.29 | OK | |
| r-release-macos-arm64 | 1.0.8 | 23.00 | 54.00 | 77.00 | OK | |
| r-release-macos-x86_64 | 1.0.8 | 39.00 | 100.00 | 139.00 | OK | |
| r-release-windows-x86_64 | 1.0.8 | 60.00 | 172.00 | 232.00 | OK | |
| r-oldrel-macos-arm64 | 1.0.8 | 22.00 | 50.00 | 72.00 | NOTE | |
| r-oldrel-macos-x86_64 | 1.0.8 | 31.00 | 77.00 | 108.00 | NOTE | |
| r-oldrel-windows-x86_64 | 1.0.8 | 78.00 | 224.00 | 302.00 | OK | 
Version: 1.0.8
Check: installed package size
Result: NOTE
    installed size is  6.9Mb
    sub-directories of 1Mb or more:
      data   1.0Mb
      libs   4.9Mb
Flavors: r-oldrel-macos-arm64, r-oldrel-macos-x86_64