Last updated on 2025-11-04 05:51:13 CET.
| Flavor | Version | Tinstall | Tcheck | Ttotal | Status | Flags | 
|---|---|---|---|---|---|---|
| r-devel-linux-x86_64-debian-clang | 1.0.0 | 1.74 | 18.38 | 20.12 | OK | |
| r-devel-linux-x86_64-debian-gcc | 1.0.0 | 1.36 | 15.77 | 17.13 | OK | |
| r-devel-linux-x86_64-fedora-clang | 1.0.0 | 30.41 | OK | |||
| r-devel-linux-x86_64-fedora-gcc | 1.0.0 | 26.71 | OK | |||
| r-devel-windows-x86_64 | 1.0.0 | 3.00 | 35.00 | 38.00 | OK | |
| r-patched-linux-x86_64 | 1.0.0 | 1.72 | 17.33 | 19.05 | OK | |
| r-release-linux-x86_64 | 1.0.0 | 1.34 | 17.22 | 18.56 | OK | |
| r-release-macos-arm64 | 1.0.0 | 1.00 | 10.00 | 11.00 | OK | |
| r-release-macos-x86_64 | 1.0.0 | 2.00 | 22.00 | 24.00 | OK | |
| r-release-windows-x86_64 | 1.0.0 | 3.00 | 35.00 | 38.00 | OK | |
| r-oldrel-macos-arm64 | 1.0.0 | 1.00 | 17.00 | 18.00 | NOTE | |
| r-oldrel-macos-x86_64 | 1.0.0 | 1.00 | 27.00 | 28.00 | NOTE | |
| r-oldrel-windows-x86_64 | 1.0.0 | 5.00 | 35.00 | 40.00 | NOTE | 
Version: 1.0.0
Check: installed package size
Result: NOTE
    installed size is  7.7Mb
    sub-directories of 1Mb or more:
      extdata   7.6Mb
Flavors: r-oldrel-macos-arm64, r-oldrel-macos-x86_64, r-oldrel-windows-x86_64