Last updated on 2025-11-03 23:50:20 CET.
| Flavor | Version | Tinstall | Tcheck | Ttotal | Status | Flags | 
|---|---|---|---|---|---|---|
| r-devel-linux-x86_64-debian-clang | 0.1.38 | 50.74 | 368.23 | 418.97 | OK | |
| r-devel-linux-x86_64-debian-gcc | 0.1.38 | 40.11 | 265.38 | 305.49 | OK | |
| r-devel-linux-x86_64-fedora-clang | 0.1.38 | 268.00 | 452.62 | 720.62 | NOTE | |
| r-devel-linux-x86_64-fedora-gcc | 0.1.38 | 143.00 | 515.79 | 658.79 | NOTE | |
| r-devel-windows-x86_64 | 0.1.38 | 55.00 | 315.00 | 370.00 | OK | |
| r-patched-linux-x86_64 | 0.1.38 | 0.34 | 1.79 | 2.13 | ERROR | |
| r-release-linux-x86_64 | 0.1.38 | 49.06 | 349.45 | 398.51 | OK | |
| r-release-macos-arm64 | 0.1.38 | 5.00 | ERROR | |||
| r-release-macos-x86_64 | 0.1.38 | 7.00 | ERROR | |||
| r-release-windows-x86_64 | 0.1.38 | 52.00 | 315.00 | 367.00 | OK | |
| r-oldrel-macos-arm64 | 0.1.38 | 10.00 | ERROR | |||
| r-oldrel-macos-x86_64 | 0.1.38 | 12.00 | ERROR | |||
| r-oldrel-windows-x86_64 | 0.1.38 | 71.00 | 443.00 | 514.00 | OK | 
Version: 0.1.38
Check: dependencies in R code
Result: NOTE
  Namespaces in Imports field not imported from:
    ‘BiocGenerics’ ‘TxDb.Hsapiens.UCSC.hg38.knownGene’
    ‘TxDb.Mmusculus.UCSC.mm10.knownGene’ ‘biomaRt’ ‘ggraph’
    ‘org.Hs.eg.db’ ‘org.Mm.eg.db’
    All declared Imports should be used.
Flavors: r-devel-linux-x86_64-fedora-clang, r-devel-linux-x86_64-fedora-gcc
Version: 0.1.38
Check: package dependencies
Result: ERROR
  Packages required but not available:
    'TxDb.Hsapiens.UCSC.hg38.knownGene',
    'TxDb.Mmusculus.UCSC.mm10.knownGene', 'GenomicFeatures'
  
  See section ‘The DESCRIPTION file’ in the ‘Writing R Extensions’
  manual.
Flavor: r-patched-linux-x86_64
Version: 0.1.38
Check: package dependencies
Result: ERROR
  Packages required but not available:
    'TxDb.Hsapiens.UCSC.hg38.knownGene',
    'TxDb.Mmusculus.UCSC.mm10.knownGene', 'org.Mm.eg.db', 'org.Hs.eg.db'
  
  See section ‘The DESCRIPTION file’ in the ‘Writing R Extensions’
  manual.
Flavor: r-release-macos-arm64
Version: 0.1.38
Check: package dependencies
Result: ERROR
  Packages required but not available:
    'TxDb.Hsapiens.UCSC.hg38.knownGene',
    'TxDb.Mmusculus.UCSC.mm10.knownGene', 'org.Mm.eg.db'
  
  See section ‘The DESCRIPTION file’ in the ‘Writing R Extensions’
  manual.
Flavors: r-release-macos-x86_64, r-oldrel-macos-arm64
Version: 0.1.38
Check: package dependencies
Result: ERROR
  Packages required but not available:
    'TxDb.Hsapiens.UCSC.hg38.knownGene',
    'TxDb.Mmusculus.UCSC.mm10.knownGene'
  
  See section ‘The DESCRIPTION file’ in the ‘Writing R Extensions’
  manual.
Flavor: r-oldrel-macos-x86_64