Last updated on 2025-05-28 00:49:03 CEST.
Flavor | Version | Tinstall | Tcheck | Ttotal | Status | Flags |
---|---|---|---|---|---|---|
r-devel-linux-x86_64-debian-clang | 0.1.38 | 56.03 | 368.95 | 424.98 | OK | |
r-devel-linux-x86_64-debian-gcc | 0.1.38 | 37.67 | 270.56 | 308.23 | OK | |
r-devel-linux-x86_64-fedora-clang | 0.1.38 | 680.01 | NOTE | |||
r-devel-linux-x86_64-fedora-gcc | 0.1.38 | 642.36 | NOTE | |||
r-devel-windows-x86_64 | 0.1.38 | 53.00 | 318.00 | 371.00 | OK | |
r-patched-linux-x86_64 | 0.1.38 | 48.61 | 347.73 | 396.34 | OK | |
r-release-linux-x86_64 | 0.1.38 | 52.01 | 346.69 | 398.70 | OK | |
r-release-macos-arm64 | 0.1.38 | 5.00 | ERROR | |||
r-release-macos-x86_64 | 0.1.38 | 7.00 | ERROR | |||
r-release-windows-x86_64 | 0.1.38 | 53.00 | 323.00 | 376.00 | OK | |
r-oldrel-macos-arm64 | 0.1.38 | 10.00 | ERROR | |||
r-oldrel-macos-x86_64 | 0.1.38 | 12.00 | ERROR | |||
r-oldrel-windows-x86_64 | 0.1.38 | 74.00 | 439.00 | 513.00 | OK |
Version: 0.1.38
Check: dependencies in R code
Result: NOTE
Namespaces in Imports field not imported from:
‘BiocGenerics’ ‘TxDb.Hsapiens.UCSC.hg38.knownGene’
‘TxDb.Mmusculus.UCSC.mm10.knownGene’ ‘biomaRt’ ‘ggraph’
‘org.Hs.eg.db’ ‘org.Mm.eg.db’
All declared Imports should be used.
Flavors: r-devel-linux-x86_64-fedora-clang, r-devel-linux-x86_64-fedora-gcc
Version: 0.1.38
Check: package dependencies
Result: ERROR
Packages required but not available:
'TxDb.Hsapiens.UCSC.hg38.knownGene',
'TxDb.Mmusculus.UCSC.mm10.knownGene', 'org.Mm.eg.db', 'org.Hs.eg.db'
See section ‘The DESCRIPTION file’ in the ‘Writing R Extensions’
manual.
Flavor: r-release-macos-arm64
Version: 0.1.38
Check: package dependencies
Result: ERROR
Packages required but not available:
'TxDb.Hsapiens.UCSC.hg38.knownGene',
'TxDb.Mmusculus.UCSC.mm10.knownGene', 'org.Mm.eg.db'
See section ‘The DESCRIPTION file’ in the ‘Writing R Extensions’
manual.
Flavors: r-release-macos-x86_64, r-oldrel-macos-arm64
Version: 0.1.38
Check: package dependencies
Result: ERROR
Packages required but not available:
'TxDb.Hsapiens.UCSC.hg38.knownGene',
'TxDb.Mmusculus.UCSC.mm10.knownGene'
See section ‘The DESCRIPTION file’ in the ‘Writing R Extensions’
manual.
Flavor: r-oldrel-macos-x86_64